CRAN Package Check Results for Package correlbinom

Last updated on 2023-02-02 16:53:52 CET.

Flavor Version Tinstall Tcheck Ttotal Status Flags
r-devel-linux-x86_64-debian-clang 0.0.1 4.56 43.07 47.63 NOTE
r-devel-linux-x86_64-debian-gcc 0.0.1 3.15 32.77 35.92 NOTE
r-devel-linux-x86_64-fedora-clang 0.0.1 62.72 NOTE
r-devel-linux-x86_64-fedora-gcc 0.0.1 62.26 NOTE
r-devel-windows-x86_64 0.0.1 11.00 75.00 86.00 NOTE
r-patched-linux-x86_64 0.0.1 3.99 42.16 46.15 NOTE
r-release-linux-x86_64 0.0.1 3.68 42.11 45.79 NOTE
r-release-macos-arm64 0.0.1 20.00 NOTE
r-release-macos-x86_64 0.0.1 29.00 NOTE
r-release-windows-x86_64 0.0.1 11.00 82.00 93.00 NOTE
r-oldrel-macos-arm64 0.0.1 27.00 NOTE
r-oldrel-macos-x86_64 0.0.1 42.00 NOTE
r-oldrel-windows-ix86+x86_64 0.0.1 10.00 67.00 77.00 NOTE

Check Details

Version: 0.0.1
Check: LazyData
Result: NOTE
     'LazyData' is specified without a 'data' directory
Flavors: r-devel-linux-x86_64-debian-clang, r-devel-linux-x86_64-debian-gcc, r-devel-linux-x86_64-fedora-clang, r-devel-linux-x86_64-fedora-gcc, r-devel-windows-x86_64, r-patched-linux-x86_64, r-release-linux-x86_64, r-release-macos-arm64, r-release-macos-x86_64, r-release-windows-x86_64, r-oldrel-macos-arm64, r-oldrel-macos-x86_64, r-oldrel-windows-ix86+x86_64