CRAN Package Check Results for Package corrplot

Last updated on 2019-12-13 22:49:10 CET.

Flavor Version Tinstall Tcheck Ttotal Status Flags
r-devel-linux-x86_64-debian-clang 0.84 3.22 38.66 41.88 OK
r-devel-linux-x86_64-debian-gcc 0.84 2.63 29.94 32.57 OK
r-devel-linux-x86_64-fedora-clang 0.84 51.81 NOTE
r-devel-linux-x86_64-fedora-gcc 0.84 50.19 OK
r-devel-windows-ix86+x86_64 0.84 8.00 79.00 87.00 NOTE
r-devel-windows-ix86+x86_64-gcc8 0.84 7.00 74.00 81.00 NOTE
r-patched-linux-x86_64 0.84 2.82 36.39 39.21 OK
r-patched-solaris-x86 0.84 70.30 NOTE
r-release-linux-x86_64 0.84 3.00 36.43 39.43 OK
r-release-windows-ix86+x86_64 0.84 9.00 56.00 65.00 NOTE
r-release-osx-x86_64 0.84 NOTE
r-oldrel-windows-ix86+x86_64 0.84 6.00 133.00 139.00 NOTE
r-oldrel-osx-x86_64 0.84 NOTE

Check Details

Version: 0.84
Check: installed package size
Result: NOTE
     installed size is 7.0Mb
     sub-directories of 1Mb or more:
     doc 6.9Mb
Flavors: r-devel-linux-x86_64-fedora-clang, r-devel-windows-ix86+x86_64, r-devel-windows-ix86+x86_64-gcc8, r-patched-solaris-x86, r-release-windows-ix86+x86_64, r-release-osx-x86_64, r-oldrel-windows-ix86+x86_64, r-oldrel-osx-x86_64