CRAN Package Check Results for Package corrplot

Last updated on 2024-06-12 19:54:15 CEST.

Flavor Version Tinstall Tcheck Ttotal Status Flags
r-devel-linux-x86_64-debian-clang 0.92 5.05 88.16 93.21 OK
r-devel-linux-x86_64-debian-gcc 0.92 3.29 65.16 68.45 ERROR
r-devel-linux-x86_64-fedora-clang 0.92 119.02 NOTE
r-devel-linux-x86_64-fedora-gcc 0.92 127.16 OK
r-devel-windows-x86_64 0.92 6.00 66.00 72.00 OK
r-patched-linux-x86_64 0.92 4.92 85.00 89.92 OK
r-release-linux-x86_64 0.92 4.38 84.04 88.42 OK
r-release-macos-arm64 0.92 35.00 OK
r-release-macos-x86_64 0.92 54.00 OK
r-release-windows-x86_64 0.92 6.00 67.00 73.00 OK
r-oldrel-macos-arm64 0.92 39.00 OK
r-oldrel-macos-x86_64 0.92 52.00 OK
r-oldrel-windows-x86_64 0.92 5.00 73.00 78.00 OK

Check Details

Version: 0.92
Check: package dependencies
Result: NOTE Package suggested but not available for checking: ‘testthat’ Flavor: r-devel-linux-x86_64-debian-gcc

Version: 0.92
Check: tests
Result: ERROR Running ‘testthat.R’ [0s/1s] Running the tests in ‘tests/testthat.R’ failed. Complete output: > library(testthat) Error in library(testthat) : there is no package called 'testthat' Execution halted Flavor: r-devel-linux-x86_64-debian-gcc

Version: 0.92
Check: installed package size
Result: NOTE installed size is 5.0Mb sub-directories of 1Mb or more: doc 4.8Mb Flavor: r-devel-linux-x86_64-fedora-clang