CRAN Package Check Results for Package corrplot

Last updated on 2019-08-19 12:47:37 CEST.

Flavor Version Tinstall Tcheck Ttotal Status Flags
r-devel-linux-x86_64-debian-clang 0.84 3.15 35.86 39.01 OK
r-devel-linux-x86_64-debian-gcc 0.84 2.45 27.88 30.33 OK
r-devel-linux-x86_64-fedora-clang 0.84 49.44 NOTE
r-devel-linux-x86_64-fedora-gcc 0.84 46.89 OK
r-devel-windows-ix86+x86_64 0.84 11.00 69.00 80.00 NOTE
r-patched-linux-x86_64 0.84 2.53 35.68 38.21 OK
r-patched-solaris-x86 0.84 72.80 NOTE
r-release-linux-x86_64 0.84 3.03 35.49 38.52 OK
r-release-windows-ix86+x86_64 0.84 7.00 52.00 59.00 NOTE
r-release-osx-x86_64 0.84 NOTE
r-oldrel-windows-ix86+x86_64 0.84 13.00 68.00 81.00 NOTE
r-oldrel-osx-x86_64 0.84 NOTE

Check Details

Version: 0.84
Check: installed package size
Result: NOTE
     installed size is 7.0Mb
     sub-directories of 1Mb or more:
     doc 6.9Mb
Flavors: r-devel-linux-x86_64-fedora-clang, r-devel-windows-ix86+x86_64, r-patched-solaris-x86, r-release-windows-ix86+x86_64, r-release-osx-x86_64, r-oldrel-windows-ix86+x86_64, r-oldrel-osx-x86_64