CRAN Package Check Results for Package covfefe

Last updated on 2022-09-28 13:51:48 CEST.

Flavor Version Tinstall Tcheck Ttotal Status Flags
r-devel-linux-x86_64-debian-clang 0.1.0 2.85 30.72 33.57 NOTE
r-devel-linux-x86_64-debian-gcc 0.1.0 1.81 23.75 25.56 NOTE
r-devel-linux-x86_64-fedora-clang 0.1.0 53.79 NOTE
r-devel-linux-x86_64-fedora-gcc 0.1.0 51.63 NOTE
r-devel-windows-x86_64 0.1.0 7.00 55.00 62.00 OK
r-patched-linux-x86_64 0.1.0 2.11 29.59 31.70 NOTE
r-release-linux-x86_64 0.1.0 2.80 29.80 32.60 NOTE
r-release-macos-arm64 0.1.0 19.00 OK
r-release-macos-x86_64 0.1.0 25.00 OK
r-release-windows-x86_64 0.1.0 11.00 55.00 66.00 OK
r-oldrel-macos-arm64 0.1.0 21.00 OK
r-oldrel-macos-x86_64 0.1.0 33.00 OK
r-oldrel-windows-ix86+x86_64 0.1.0 11.00 56.00 67.00 OK

Check Details

Version: 0.1.0
Check: for non-standard things in the check directory
Result: NOTE
    Found the following files/directories:
     'covfefe_inauguration.txt'
Flavors: r-devel-linux-x86_64-debian-clang, r-devel-linux-x86_64-debian-gcc, r-devel-linux-x86_64-fedora-clang, r-devel-linux-x86_64-fedora-gcc, r-patched-linux-x86_64, r-release-linux-x86_64