CRAN Package Check Results for Package covid19india

Last updated on 2022-12-02 18:50:08 CET.

Flavor Version Tinstall Tcheck Ttotal Status Flags
r-devel-linux-x86_64-debian-clang 0.1.4 16.85 128.31 145.16 OK
r-devel-linux-x86_64-debian-gcc 0.1.4 13.93 94.55 108.48 OK
r-devel-linux-x86_64-fedora-clang 0.1.4 199.17 NOTE
r-devel-linux-x86_64-fedora-gcc 0.1.4 202.17 NOTE
r-devel-windows-x86_64 0.1.4 37.00 154.00 191.00 OK
r-patched-linux-x86_64 0.1.4 15.82 118.24 134.06 OK
r-release-linux-x86_64 0.1.4 10.53 120.12 130.65 OK
r-release-macos-arm64 0.1.4 49.00 NOTE
r-release-macos-x86_64 0.1.4 88.00 NOTE
r-release-windows-x86_64 0.1.4 31.00 159.00 190.00 OK
r-oldrel-macos-arm64 0.1.4 50.00 NOTE
r-oldrel-macos-x86_64 0.1.4 63.00 NOTE
r-oldrel-windows-ix86+x86_64 0.1.4 36.00 149.00 185.00 OK

Check Details

Version: 0.1.4
Check: dependencies in R code
Result: NOTE
    Namespaces in Imports field not imported from:
     ‘httr’ ‘stringr’
     All declared Imports should be used.
Flavors: r-devel-linux-x86_64-fedora-clang, r-devel-linux-x86_64-fedora-gcc, r-release-macos-arm64, r-release-macos-x86_64, r-oldrel-macos-arm64, r-oldrel-macos-x86_64