CRAN Package Check Results for Package covid19sf

Last updated on 2022-10-02 17:51:38 CEST.

Flavor Version Tinstall Tcheck Ttotal Status Flags
r-devel-linux-x86_64-debian-clang 0.1.2 5.78 37.90 43.68 OK
r-devel-linux-x86_64-debian-gcc 0.1.2 3.83 30.15 33.98 OK
r-devel-linux-x86_64-fedora-clang 0.1.2 67.47 NOTE
r-devel-linux-x86_64-fedora-gcc 0.1.2 61.26 NOTE
r-devel-windows-x86_64 0.1.2 20.00 74.00 94.00 OK
r-patched-linux-x86_64 0.1.2 3.53 38.21 41.74 OK
r-release-linux-x86_64 0.1.2 3.76 36.18 39.94 OK
r-release-macos-arm64 0.1.2 23.00 NOTE
r-release-macos-x86_64 0.1.2 40.00 NOTE
r-release-windows-x86_64 0.1.2 20.00 72.00 92.00 OK
r-oldrel-macos-arm64 0.1.2 25.00 NOTE
r-oldrel-macos-x86_64 0.1.2 32.00 NOTE
r-oldrel-windows-ix86+x86_64 0.1.2 14.00 64.00 78.00 OK

Check Details

Version: 0.1.2
Check: dependencies in R code
Result: NOTE
    Namespaces in Imports field not imported from:
     ‘mapview’ ‘plotly’
     All declared Imports should be used.
Flavors: r-devel-linux-x86_64-fedora-clang, r-devel-linux-x86_64-fedora-gcc, r-release-macos-arm64, r-release-macos-x86_64, r-oldrel-macos-arm64, r-oldrel-macos-x86_64