CRAN Package Check Results for Package covsim

Last updated on 2022-01-29 03:59:17 CET.

Flavor Version Tinstall Tcheck Ttotal Status Flags
r-devel-linux-x86_64-debian-clang 0.2.1 0.33 11.65 11.98 ERROR
r-devel-linux-x86_64-debian-gcc 0.2.1 2.31 41.27 43.58 OK
r-devel-linux-x86_64-fedora-clang 0.2.1 73.76 NOTE
r-devel-linux-x86_64-fedora-gcc 0.2.1 63.38 NOTE
r-devel-windows-x86_64-new-UL 0.2.1 16.00 68.00 84.00 OK
r-devel-windows-x86_64-new-TK 0.2.1 NOTE
r-patched-linux-x86_64 0.2.1 3.00 51.77 54.77 OK
r-release-linux-x86_64 0.2.1 2.34 51.73 54.07 OK
r-release-macos-arm64 0.2.1 NOTE
r-release-macos-x86_64 0.2.1 NOTE
r-release-windows-ix86+x86_64 0.2.1 8.00 60.00 68.00 OK
r-oldrel-macos-x86_64 0.2.1 NOTE
r-oldrel-windows-ix86+x86_64 0.2.1 7.00 60.00 67.00 OK

Check Details

Version: 0.2.1
Check: package dependencies
Result: ERROR
    Package required but not available: 'rvinecopulib'
    
    See section 'The DESCRIPTION file' in the 'Writing R Extensions'
    manual.
Flavor: r-devel-linux-x86_64-debian-clang

Version: 0.2.1
Check: dependencies in R code
Result: NOTE
    Namespaces in Imports field not imported from:
     ‘Rcpp’ ‘gsl’
     All declared Imports should be used.
Flavors: r-devel-linux-x86_64-fedora-clang, r-devel-linux-x86_64-fedora-gcc, r-devel-windows-x86_64-new-TK, r-release-macos-arm64, r-release-macos-x86_64, r-oldrel-macos-x86_64