Last updated on 2023-03-30 08:53:33 CEST.
Flavor | Version | Tinstall | Tcheck | Ttotal | Status | Flags |
---|---|---|---|---|---|---|
r-devel-linux-x86_64-debian-clang | 1.0.6 | 36.86 | 108.34 | 145.20 | NOTE | |
r-devel-linux-x86_64-debian-gcc | 1.0.6 | 24.12 | 81.40 | 105.52 | NOTE | |
r-devel-linux-x86_64-fedora-clang | 1.0.6 | 190.86 | NOTE | |||
r-devel-linux-x86_64-fedora-gcc | 1.0.6 | 200.75 | NOTE | |||
r-devel-windows-x86_64 | 1.0.6 | 54.00 | 0.00 | 54.00 | NOTE | |
r-patched-linux-x86_64 | 1.0.6 | 29.02 | 102.76 | 131.78 | NOTE | |
r-release-linux-x86_64 | 1.0.6 | 19.28 | 103.09 | 122.37 | OK | |
r-release-macos-arm64 | 1.0.6 | 52.00 | OK | |||
r-release-macos-x86_64 | 1.0.6 | 92.00 | OK | |||
r-release-windows-x86_64 | 1.0.6 | 47.00 | 199.00 | 246.00 | OK | |
r-oldrel-macos-arm64 | 1.0.6 | 65.00 | OK | |||
r-oldrel-macos-x86_64 | 1.0.6 | 96.00 | OK | |||
r-oldrel-windows-ix86+x86_64 | 1.0.6 | 88.00 | 239.00 | 327.00 | OK |
Version: 1.0.6
Check: C++ specification
Result: NOTE
Specified C++14: please drop specification unless essential
Flavors: r-devel-linux-x86_64-debian-clang, r-devel-linux-x86_64-debian-gcc, r-devel-linux-x86_64-fedora-clang, r-devel-linux-x86_64-fedora-gcc, r-devel-windows-x86_64, r-patched-linux-x86_64