CRAN Package Check Results for Package crch

Last updated on 2020-02-17 19:49:10 CET.

Flavor Version Tinstall Tcheck Ttotal Status Flags
r-devel-linux-x86_64-debian-clang 1.0-4 9.95 83.91 93.86 NOTE
r-devel-linux-x86_64-debian-gcc 1.0-4 7.30 65.71 73.01 OK
r-devel-linux-x86_64-fedora-clang 1.0-4 115.18 OK
r-devel-linux-x86_64-fedora-gcc 1.0-4 112.59 OK
r-devel-windows-ix86+x86_64 1.0-4 21.00 120.00 141.00 OK
r-devel-windows-ix86+x86_64-gcc8 1.0-4 34.00 170.00 204.00 OK
r-patched-linux-x86_64 1.0-4 7.93 77.30 85.23 OK
r-patched-solaris-x86 1.0-4 144.30 OK
r-release-linux-x86_64 1.0-4 8.78 76.65 85.43 OK
r-release-windows-ix86+x86_64 1.0-4 21.00 112.00 133.00 OK
r-release-osx-x86_64 1.0-4 OK
r-oldrel-windows-ix86+x86_64 1.0-4 20.00 160.00 180.00 OK
r-oldrel-osx-x86_64 1.0-4 OK

Check Details

Version: 1.0-4
Check: package dependencies
Result: NOTE
    Package suggested but not available for checking: 'memisc'
Flavor: r-devel-linux-x86_64-debian-clang