Last updated on 2023-09-30 13:51:43 CEST.
Flavor | Version | Tinstall | Tcheck | Ttotal | Status | Flags |
---|---|---|---|---|---|---|
r-devel-linux-x86_64-debian-clang | 0.2.3 | 7.47 | 93.78 | 101.25 | OK | |
r-devel-linux-x86_64-debian-gcc | 0.2.3 | 4.55 | 70.30 | 74.85 | OK | |
r-devel-linux-x86_64-fedora-clang | 0.2.3 | 121.83 | NOTE | |||
r-devel-linux-x86_64-fedora-gcc | 0.2.3 | 132.89 | NOTE | |||
r-devel-windows-x86_64 | 0.2.3 | 10.00 | 100.00 | 110.00 | OK | |
r-patched-linux-x86_64 | 0.2.3 | 6.05 | 89.49 | 95.54 | OK | |
r-release-linux-x86_64 | 0.2.3 | 7.59 | 90.28 | 97.87 | OK | |
r-release-macos-arm64 | 0.2.3 | 52.00 | OK | |||
r-release-macos-x86_64 | 0.2.3 | 110.00 | OK | |||
r-release-windows-x86_64 | 0.2.3 | 12.00 | 107.00 | 119.00 | OK | |
r-oldrel-macos-arm64 | 0.2.3 | 47.00 | OK | |||
r-oldrel-macos-x86_64 | 0.2.3 | 70.00 | OK | |||
r-oldrel-windows-x86_64 | 0.2.3 | 12.00 | 125.00 | 137.00 | OK |
Version: 0.2.3
Check: data for non-ASCII characters
Result: NOTE
Note: found 37 marked UTF-8 strings
Flavors: r-devel-linux-x86_64-fedora-clang, r-devel-linux-x86_64-fedora-gcc