CRAN Package Check Results for Package crossReg

Last updated on 2022-01-18 18:50:24 CET.

Flavor Version Tinstall Tcheck Ttotal Status Flags
r-devel-linux-x86_64-debian-clang 1.0 2.15 33.35 35.50 NOTE
r-devel-linux-x86_64-debian-gcc 1.0 1.39 27.85 29.24 NOTE
r-devel-linux-x86_64-fedora-clang 1.0 44.02 NOTE
r-devel-linux-x86_64-fedora-gcc 1.0 33.04 NOTE
r-devel-windows-x86_64-new-UL 1.0 26.00 51.00 77.00 NOTE
r-devel-windows-x86_64-new-TK 1.0 NOTE
r-patched-linux-x86_64 1.0 1.74 32.56 34.30 NOTE
r-release-linux-x86_64 1.0 NOTE
r-release-macos-arm64 1.0 NOTE
r-release-macos-x86_64 1.0 NOTE
r-release-windows-ix86+x86_64 1.0 4.00 42.00 46.00 NOTE
r-oldrel-macos-x86_64 1.0 NOTE
r-oldrel-windows-ix86+x86_64 1.0 4.00 42.00 46.00 NOTE

Check Details

Version: 1.0
Check: R code for possible problems
Result: NOTE
    BootC : BSs: no visible global function definition for 'lm'
    BootC : BSs: no visible global function definition for 'vcov'
    BootC: no visible global function definition for 'boot'
    BootC: no visible global function definition for 'boot.ci'
    DeltaC: no visible global function definition for 'lm'
    DeltaC: no visible global function definition for 'vcov'
    FiellerC: no visible global function definition for 'lm'
    FiellerC: no visible global function definition for 'vcov'
    nonLinearC: no visible global function definition for 'nls'
    Undefined global functions or variables:
     boot boot.ci lm nls vcov
    Consider adding
     importFrom("stats", "lm", "nls", "vcov")
    to your NAMESPACE file.
Flavors: r-devel-linux-x86_64-debian-clang, r-devel-linux-x86_64-debian-gcc, r-devel-linux-x86_64-fedora-clang, r-devel-linux-x86_64-fedora-gcc, r-devel-windows-x86_64-new-UL, r-devel-windows-x86_64-new-TK, r-patched-linux-x86_64, r-release-linux-x86_64, r-release-macos-arm64, r-release-macos-x86_64, r-release-windows-ix86+x86_64, r-oldrel-macos-x86_64, r-oldrel-windows-ix86+x86_64