CRAN Package Check Results for Package crossdes

Last updated on 2019-09-23 14:47:20 CEST.

Flavor Version Tinstall Tcheck Ttotal Status Flags
r-devel-linux-x86_64-debian-clang 1.1-1 2.82 24.06 26.88 NOTE
r-devel-linux-x86_64-debian-gcc 1.1-1 2.07 19.43 21.50 NOTE
r-devel-linux-x86_64-fedora-clang 1.1-1 34.07 NOTE
r-devel-linux-x86_64-fedora-gcc 1.1-1 32.54 NOTE
r-devel-windows-ix86+x86_64 1.1-1 6.00 50.00 56.00 NOTE
r-patched-linux-x86_64 1.1-1 2.34 23.88 26.22 NOTE
r-patched-solaris-x86 1.1-1 49.10 NOTE
r-release-linux-x86_64 1.1-1 2.12 23.73 25.85 NOTE
r-release-windows-ix86+x86_64 1.1-1 5.00 48.00 53.00 NOTE
r-release-osx-x86_64 1.1-1 NOTE
r-oldrel-windows-ix86+x86_64 1.1-1 4.00 34.00 38.00 NOTE
r-oldrel-osx-x86_64 1.1-1 NOTE

Check Details

Version: 1.1-1
Check: R code for possible problems
Result: NOTE
    get.plan: no visible global function definition for 'menu'
    Undefined global functions or variables:
     menu
    Consider adding
     importFrom("utils", "menu")
    to your NAMESPACE file.
Flavors: r-devel-linux-x86_64-debian-clang, r-devel-linux-x86_64-debian-gcc, r-devel-linux-x86_64-fedora-clang, r-devel-linux-x86_64-fedora-gcc, r-devel-windows-ix86+x86_64, r-patched-linux-x86_64, r-patched-solaris-x86, r-release-linux-x86_64, r-release-windows-ix86+x86_64, r-release-osx-x86_64, r-oldrel-windows-ix86+x86_64, r-oldrel-osx-x86_64