CRAN Package Check Results for Package crossdes

Last updated on 2020-02-19 23:52:23 CET.

Flavor Version Tinstall Tcheck Ttotal Status Flags
r-devel-linux-x86_64-debian-clang 1.1-1 3.26 26.23 29.49 NOTE
r-devel-linux-x86_64-debian-gcc 1.1-1 2.51 20.86 23.37 NOTE
r-devel-linux-x86_64-fedora-clang 1.1-1 36.21 NOTE
r-devel-linux-x86_64-fedora-gcc 1.1-1 34.82 NOTE
r-devel-windows-ix86+x86_64 1.1-1 7.00 40.00 47.00 NOTE
r-devel-windows-ix86+x86_64-gcc8 1.1-1 10.00 57.00 67.00 NOTE
r-patched-linux-x86_64 1.1-1 2.68 24.12 26.80 NOTE
r-patched-solaris-x86 1.1-1 49.40 NOTE
r-release-linux-x86_64 1.1-1 2.59 24.30 26.89 NOTE
r-release-windows-ix86+x86_64 1.1-1 7.00 41.00 48.00 NOTE
r-release-osx-x86_64 1.1-1 NOTE
r-oldrel-windows-ix86+x86_64 1.1-1 4.00 64.00 68.00 NOTE
r-oldrel-osx-x86_64 1.1-1 NOTE

Check Details

Version: 1.1-1
Check: R code for possible problems
Result: NOTE
    get.plan: no visible global function definition for 'menu'
    Undefined global functions or variables:
     menu
    Consider adding
     importFrom("utils", "menu")
    to your NAMESPACE file.
Flavors: r-devel-linux-x86_64-debian-clang, r-devel-linux-x86_64-debian-gcc, r-devel-linux-x86_64-fedora-clang, r-devel-linux-x86_64-fedora-gcc, r-devel-windows-ix86+x86_64, r-devel-windows-ix86+x86_64-gcc8, r-patched-linux-x86_64, r-patched-solaris-x86, r-release-linux-x86_64, r-release-windows-ix86+x86_64, r-release-osx-x86_64, r-oldrel-windows-ix86+x86_64, r-oldrel-osx-x86_64