CRAN Package Check Results for Package crosstalk

Last updated on 2024-06-14 00:53:38 CEST.

Flavor Version Tinstall Tcheck Ttotal Status Flags
r-devel-linux-x86_64-debian-clang 1.2.1 5.82 35.33 41.15 OK
r-devel-linux-x86_64-debian-gcc 1.2.1 3.51 25.23 28.74 ERROR
r-devel-linux-x86_64-fedora-clang 1.2.1 52.10 OK
r-devel-linux-x86_64-fedora-gcc 1.2.1 48.50 OK
r-devel-windows-x86_64 1.2.1 5.00 49.00 54.00 OK
r-patched-linux-x86_64 1.2.1 6.69 33.99 40.68 OK
r-release-linux-x86_64 1.2.1 5.72 33.97 39.69 OK
r-release-macos-arm64 1.2.1 21.00 OK
r-release-macos-x86_64 1.2.1 45.00 OK
r-release-windows-x86_64 1.2.1 6.00 51.00 57.00 OK
r-oldrel-macos-arm64 1.2.1 26.00 OK
r-oldrel-macos-x86_64 1.2.1 73.00 OK
r-oldrel-windows-x86_64 1.2.1 6.00 52.00 58.00 OK

Check Details

Version: 1.2.1
Check: package dependencies
Result: NOTE Packages suggested but not available for checking: 'ggplot2', 'testthat' Flavor: r-devel-linux-x86_64-debian-gcc

Version: 1.2.1
Check: tests
Result: ERROR Running ‘testthat.R’ [0s/1s] Running the tests in ‘tests/testthat.R’ failed. Complete output: > library(testthat) Error in library(testthat) : there is no package called 'testthat' Execution halted Flavor: r-devel-linux-x86_64-debian-gcc