CRAN Package Check Results for Package csppData

Last updated on 2022-01-26 04:52:34 CET.

Flavor Version Tinstall Tcheck Ttotal Status Flags
r-devel-linux-x86_64-debian-clang 0.1.4 15.17 34.46 49.63 OK
r-devel-linux-x86_64-debian-gcc 0.1.4 12.47 27.75 40.22 OK
r-devel-linux-x86_64-fedora-clang 0.1.4 63.42 NOTE
r-devel-linux-x86_64-fedora-gcc 0.1.4 52.72 NOTE
r-devel-windows-x86_64-new-UL 0.1.4 28.00 54.00 82.00 OK
r-devel-windows-x86_64-new-TK 0.1.4 NOTE
r-patched-linux-x86_64 0.1.4 15.14 32.96 48.10 OK
r-release-linux-x86_64 0.1.4 13.69 33.32 47.01 OK
r-release-macos-arm64 0.1.4 NOTE
r-release-macos-x86_64 0.1.4 NOTE
r-release-windows-ix86+x86_64 0.1.4 20.00 31.00 51.00 OK
r-oldrel-macos-x86_64 0.1.4 NOTE
r-oldrel-windows-ix86+x86_64 0.1.4 20.00 29.00 49.00 OK

Check Details

Version: 0.1.4
Check: data for non-ASCII characters
Result: NOTE
     Note: found 1830 marked UTF-8 strings
Flavors: r-devel-linux-x86_64-fedora-clang, r-devel-linux-x86_64-fedora-gcc, r-devel-windows-x86_64-new-TK, r-release-macos-arm64, r-release-macos-x86_64, r-oldrel-macos-x86_64

Version: 0.1.4
Check: installed package size
Result: NOTE
     installed size is 5.1Mb
     sub-directories of 1Mb or more:
     data 5.1Mb
Flavor: r-release-macos-arm64