Last updated on 2023-09-23 18:54:09 CEST.
Flavor | Version | Tinstall | Tcheck | Ttotal | Status | Flags |
---|---|---|---|---|---|---|
r-devel-linux-x86_64-debian-clang | 1.0.1 | 31.27 | 514.80 | 546.07 | OK | |
r-devel-linux-x86_64-debian-gcc | 1.0.1 | 27.23 | 382.80 | 410.03 | OK | |
r-devel-linux-x86_64-fedora-clang | 1.0.1 | 661.62 | OK | |||
r-devel-linux-x86_64-fedora-gcc | 1.0.1 | 678.85 | OK | |||
r-devel-windows-x86_64 | 1.0.1 | 91.00 | 496.00 | 587.00 | OK | |
r-patched-linux-x86_64 | 1.0.1 | 33.14 | 491.50 | 524.64 | OK | |
r-release-linux-x86_64 | 1.0.1 | 30.57 | 503.07 | 533.64 | OK | |
r-release-macos-arm64 | 1.0.1 | 209.00 | OK | |||
r-release-macos-x86_64 | 1.0.1 | 6.00 | ERROR | |||
r-release-windows-x86_64 | 1.0.1 | 113.00 | 601.00 | 714.00 | OK | |
r-oldrel-macos-arm64 | 1.0.1 | 162.00 | OK | |||
r-oldrel-macos-x86_64 | 1.0.1 | 305.00 | OK | |||
r-oldrel-windows-x86_64 | 1.0.1 | 116.00 | 581.00 | 697.00 | OK |
Version: 1.0.1
Check: package dependencies
Result: ERROR
Package required but not available: ‘ctmm’
See section ‘The DESCRIPTION file’ in the ‘Writing R Extensions’
manual.
Flavor: r-release-macos-x86_64