CRAN Package Check Results for Package cubature

Last updated on 2022-07-03 15:52:29 CEST.

Flavor Version Tinstall Tcheck Ttotal Status Flags
r-devel-linux-x86_64-debian-clang 2.0.4.4 79.19 234.18 313.37 NOTE
r-devel-linux-x86_64-debian-gcc 2.0.4.4 58.72 152.75 211.47 NOTE
r-devel-linux-x86_64-fedora-clang 2.0.4.4 377.57 NOTE
r-devel-linux-x86_64-fedora-gcc 2.0.4.4 372.33 NOTE
r-devel-windows-x86_64 2.0.4.4 77.00 239.00 316.00 NOTE
r-patched-linux-x86_64 2.0.4.4 60.41 214.60 275.01 NOTE
r-release-linux-x86_64 2.0.4.4 63.75 216.34 280.09 NOTE
r-release-macos-arm64 2.0.4.4 95.00 NOTE
r-release-macos-x86_64 2.0.4.4 191.00 NOTE
r-release-windows-x86_64 2.0.4.4 68.00 248.00 316.00 NOTE
r-oldrel-macos-arm64 2.0.4.4 124.00 NOTE
r-oldrel-macos-x86_64 2.0.4.4 214.00 NOTE
r-oldrel-windows-ix86+x86_64 2.0.4.4 101.00 311.00 412.00 NOTE

Check Details

Version: 2.0.4.4
Check: for GNU extensions in Makefiles
Result: NOTE
    GNU make is a SystemRequirements.
Flavors: r-devel-linux-x86_64-debian-clang, r-devel-linux-x86_64-debian-gcc, r-devel-linux-x86_64-fedora-clang, r-devel-linux-x86_64-fedora-gcc, r-devel-windows-x86_64, r-patched-linux-x86_64, r-release-linux-x86_64, r-release-macos-arm64, r-release-macos-x86_64, r-release-windows-x86_64, r-oldrel-macos-arm64, r-oldrel-macos-x86_64, r-oldrel-windows-ix86+x86_64

Version: 2.0.4.4
Check: installed package size
Result: NOTE
     installed size is 6.9Mb
     sub-directories of 1Mb or more:
     doc 1.3Mb
     libs 5.5Mb
Flavor: r-oldrel-windows-ix86+x86_64