CRAN Package Check Results for Package cuperdec

Last updated on 2021-08-02 09:54:00 CEST.

Flavor Version Tinstall Tcheck Ttotal Status Flags
r-devel-linux-x86_64-debian-clang 1.0.0 4.93 175.32 180.25 OK
r-devel-linux-x86_64-debian-gcc 1.0.0 3.80 103.10 106.90 OK
r-devel-linux-x86_64-fedora-clang 1.0.0 211.53 OK
r-devel-linux-x86_64-fedora-gcc 1.0.0 160.56 OK
r-devel-windows-x86_64 1.0.0 8.00 164.00 172.00 OK
r-devel-windows-x86_64-gcc10-UCRT 1.0.0 OK
r-patched-linux-x86_64 1.0.0 OK
r-patched-solaris-x86 1.0.0 152.40 OK
r-release-linux-x86_64 1.0.0 3.11 128.81 131.92 OK
r-release-macos-arm64 1.0.0 WARN
r-release-macos-x86_64 1.0.0 OK
r-release-windows-ix86+x86_64 1.0.0 13.00 163.00 176.00 OK
r-oldrel-macos-x86_64 1.0.0 OK
r-oldrel-windows-ix86+x86_64 1.0.0 10.00 162.00 172.00 OK

Check Details

Version: 1.0.0
Check: re-building of vignette outputs
Result: WARN
    Error(s) in re-building vignettes:
     ...
    --- re-building ‘cuperdec-intro.Rmd’ using rmarkdown
    Warning in engine$weave(file, quiet = quiet, encoding = enc) :
     Pandoc (>= 1.12.3) not available. Falling back to R Markdown v1.
    Quitting from lines 213-214 (cuperdec-intro.Rmd)
    Error: processing vignette 'cuperdec-intro.Rmd' failed with diagnostics:
    polygon edge not found
    --- failed re-building ‘cuperdec-intro.Rmd’
    
    SUMMARY: processing the following file failed:
     ‘cuperdec-intro.Rmd’
    
    Error: Vignette re-building failed.
    Execution halted
Flavor: r-release-macos-arm64