CRAN Package Check Results for Package customsteps

Last updated on 2022-01-28 09:52:44 CET.

Flavor Version Tinstall Tcheck Ttotal Status Flags
r-devel-linux-x86_64-debian-clang 0.7.1.0 13.13 138.78 151.91 NOTE
r-devel-linux-x86_64-debian-gcc 0.7.1.0 10.71 105.57 116.28 NOTE
r-devel-linux-x86_64-fedora-clang 0.7.1.0 162.23 NOTE
r-devel-linux-x86_64-fedora-gcc 0.7.1.0 157.45 NOTE
r-devel-windows-x86_64-new-UL 0.7.1.0 31.00 147.00 178.00 NOTE
r-devel-windows-x86_64-new-TK 0.7.1.0 NOTE
r-patched-linux-x86_64 0.7.1.0 13.79 115.99 129.78 NOTE
r-release-linux-x86_64 0.7.1.0 7.65 115.66 123.31 NOTE
r-release-macos-arm64 0.7.1.0 NOTE
r-release-macos-x86_64 0.7.1.0 NOTE
r-release-windows-ix86+x86_64 0.7.1.0 28.00 132.00 160.00 NOTE
r-oldrel-macos-x86_64 0.7.1.0 NOTE
r-oldrel-windows-ix86+x86_64 0.7.1.0 28.00 136.00 164.00 NOTE

Check Details

Version: 0.7.1.0
Check: LazyData
Result: NOTE
     'LazyData' is specified without a 'data' directory
Flavors: r-devel-linux-x86_64-debian-clang, r-devel-linux-x86_64-debian-gcc, r-devel-linux-x86_64-fedora-clang, r-devel-linux-x86_64-fedora-gcc, r-devel-windows-x86_64-new-UL, r-devel-windows-x86_64-new-TK, r-patched-linux-x86_64, r-release-linux-x86_64, r-release-macos-arm64, r-release-macos-x86_64, r-release-windows-ix86+x86_64

Version: 0.7.1.0
Check: package vignettes
Result: NOTE
    Package vignette with placeholder title 'Vignette Title':
     'customsteps.Rmd'
Flavors: r-devel-linux-x86_64-debian-clang, r-devel-linux-x86_64-debian-gcc, r-devel-windows-x86_64-new-UL, r-patched-linux-x86_64, r-release-linux-x86_64, r-release-windows-ix86+x86_64, r-oldrel-windows-ix86+x86_64

Version: 0.7.1.0
Check: dependencies in R code
Result: NOTE
    Namespaces in Imports field not imported from:
     ‘rlang’ ‘tidyselect’
     All declared Imports should be used.
Flavors: r-devel-linux-x86_64-fedora-clang, r-devel-linux-x86_64-fedora-gcc, r-devel-windows-x86_64-new-TK, r-release-macos-arm64, r-release-macos-x86_64, r-oldrel-macos-x86_64