CRAN Package Check Results for Package cuttlefish.model

Last updated on 2022-01-18 18:50:24 CET.

Flavor Version Tinstall Tcheck Ttotal Status Flags
r-devel-linux-x86_64-debian-clang 1.0 2.37 40.18 42.55 NOTE
r-devel-linux-x86_64-debian-gcc 1.0 1.68 32.32 34.00 NOTE
r-devel-linux-x86_64-fedora-clang 1.0 52.97 NOTE
r-devel-linux-x86_64-fedora-gcc 1.0 41.60 NOTE
r-devel-windows-x86_64-new-UL 1.0 42.00 60.00 102.00 NOTE
r-devel-windows-x86_64-new-TK 1.0 NOTE
r-patched-linux-x86_64 1.0 1.49 39.01 40.50 NOTE
r-release-linux-x86_64 1.0 NOTE
r-release-macos-arm64 1.0 NOTE
r-release-macos-x86_64 1.0 NOTE
r-release-windows-ix86+x86_64 1.0 5.00 36.00 41.00 NOTE
r-oldrel-macos-x86_64 1.0 NOTE
r-oldrel-windows-ix86+x86_64 1.0 4.00 34.00 38.00 NOTE

Check Details

Version: 1.0
Check: DESCRIPTION meta-information
Result: NOTE
    Malformed Description field: should contain one or more complete sentences.
Flavors: r-devel-linux-x86_64-debian-clang, r-devel-linux-x86_64-debian-gcc, r-devel-linux-x86_64-fedora-clang, r-devel-linux-x86_64-fedora-gcc, r-devel-windows-x86_64-new-UL, r-devel-windows-x86_64-new-TK, r-patched-linux-x86_64, r-release-linux-x86_64, r-release-macos-arm64, r-release-macos-x86_64, r-release-windows-ix86+x86_64, r-oldrel-macos-x86_64, r-oldrel-windows-ix86+x86_64

Version: 1.0
Check: R code for possible problems
Result: NOTE
    delta.glm: no visible global function definition for 'glm'
    delta.glm: no visible global function definition for 'residuals'
    delta.glm: no visible global function definition for 'fitted'
    delta.glm: no visible global function definition for 'predict.glm'
    two.stage.model.outputs: no visible global function definition for 'sd'
    Undefined global functions or variables:
     fitted glm predict.glm residuals sd
    Consider adding
     importFrom("stats", "fitted", "glm", "predict.glm", "residuals", "sd")
    to your NAMESPACE file.
Flavors: r-devel-linux-x86_64-debian-clang, r-devel-linux-x86_64-debian-gcc, r-devel-linux-x86_64-fedora-clang, r-devel-linux-x86_64-fedora-gcc, r-devel-windows-x86_64-new-UL, r-devel-windows-x86_64-new-TK, r-patched-linux-x86_64, r-release-linux-x86_64, r-release-macos-arm64, r-release-macos-x86_64, r-release-windows-ix86+x86_64, r-oldrel-macos-x86_64, r-oldrel-windows-ix86+x86_64