Last updated on 2021-02-28 00:48:42 CET.
Flavor | Version | Tinstall | Tcheck | Ttotal | Status | Flags |
---|---|---|---|---|---|---|
r-devel-linux-x86_64-debian-clang | 0.3.2 | 3.77 | 120.10 | 123.87 | NOTE | |
r-devel-linux-x86_64-debian-gcc | 0.3.2 | 4.11 | 90.63 | 94.74 | NOTE | |
r-devel-linux-x86_64-fedora-clang | 0.3.2 | 155.81 | NOTE | |||
r-devel-linux-x86_64-fedora-gcc | 0.3.2 | 143.25 | NOTE | |||
r-devel-windows-ix86+x86_64 | 0.3.2 | 8.00 | 102.00 | 110.00 | NOTE | |
r-patched-linux-x86_64 | 0.3.2 | 5.02 | 117.18 | 122.20 | NOTE | |
r-patched-solaris-x86 | 0.3.2 | 205.90 | NOTE | |||
r-release-linux-x86_64 | 0.3.2 | 4.27 | 116.78 | 121.05 | NOTE | |
r-release-macos-x86_64 | 0.3.2 | NOTE | ||||
r-release-windows-ix86+x86_64 | 0.3.2 | 7.00 | 146.00 | 153.00 | NOTE | |
r-oldrel-macos-x86_64 | 0.3.2 | NOTE | ||||
r-oldrel-windows-ix86+x86_64 | 0.3.2 | 7.00 | 137.00 | 144.00 | NOTE |
Version: 0.3.2
Check: DESCRIPTION meta-information
Result: NOTE
Packages listed in more than one of Depends, Imports, Suggests, Enhances:
'lattice' 'robustbase'
A package should be listed in only one of these fields.
Flavors: r-devel-linux-x86_64-debian-clang, r-devel-linux-x86_64-debian-gcc, r-devel-linux-x86_64-fedora-clang, r-devel-linux-x86_64-fedora-gcc, r-devel-windows-ix86+x86_64, r-patched-linux-x86_64, r-patched-solaris-x86, r-release-linux-x86_64, r-release-macos-x86_64, r-release-windows-ix86+x86_64, r-oldrel-macos-x86_64, r-oldrel-windows-ix86+x86_64