CRAN Package Check Results for Package dad

Last updated on 2020-01-20 19:47:38 CET.

Flavor Version Tinstall Tcheck Ttotal Status Flags
r-devel-linux-x86_64-debian-clang 3.3.0 16.47 146.42 162.89 OK
r-devel-linux-x86_64-debian-gcc 3.3.0 14.80 112.78 127.58 OK
r-devel-linux-x86_64-fedora-clang 3.3.0 188.80 NOTE
r-devel-linux-x86_64-fedora-gcc 3.3.0 188.55 NOTE
r-devel-windows-ix86+x86_64 3.3.0 43.00 162.00 205.00 OK
r-devel-windows-ix86+x86_64-gcc8 3.3.0 30.00 239.00 269.00 OK
r-patched-linux-x86_64 3.3.0 14.17 128.42 142.59 OK
r-patched-solaris-x86 3.3.0 232.20 NOTE
r-release-linux-x86_64 3.3.0 13.89 128.44 142.33 OK
r-release-windows-ix86+x86_64 3.3.0 33.00 146.00 179.00 OK
r-release-osx-x86_64 3.3.0 NOTE
r-oldrel-windows-ix86+x86_64 3.3.0 21.00 200.00 221.00 OK
r-oldrel-osx-x86_64 3.3.0 NOTE

Check Details

Version: 3.3.0
Check: data for non-ASCII characters
Result: NOTE
     Note: found 4 marked Latin-1 strings
     Note: found 21 marked UTF-8 strings
Flavors: r-devel-linux-x86_64-fedora-clang, r-devel-linux-x86_64-fedora-gcc, r-patched-solaris-x86, r-release-osx-x86_64, r-oldrel-osx-x86_64