CRAN Package Check Results for Package dad

Last updated on 2019-09-16 20:47:44 CEST.

Flavor Version Tinstall Tcheck Ttotal Status Flags
r-devel-linux-x86_64-debian-clang 3.3.0 15.22 131.27 146.49 OK
r-devel-linux-x86_64-debian-gcc 3.3.0 14.70 102.09 116.79 OK
r-devel-linux-x86_64-fedora-clang 3.3.0 173.90 NOTE
r-devel-linux-x86_64-fedora-gcc 3.3.0 171.04 NOTE
r-devel-windows-ix86+x86_64 3.3.0 38.00 166.00 204.00 OK
r-patched-linux-x86_64 3.3.0 14.95 128.27 143.22 OK
r-patched-solaris-x86 3.3.0 225.30 NOTE
r-release-linux-x86_64 3.3.0 14.84 127.42 142.26 OK
r-release-windows-ix86+x86_64 3.3.0 25.00 146.00 171.00 OK
r-release-osx-x86_64 3.3.0 NOTE
r-oldrel-windows-ix86+x86_64 3.3.0 29.00 129.00 158.00 OK
r-oldrel-osx-x86_64 3.3.0 NOTE

Check Details

Version: 3.3.0
Check: data for non-ASCII characters
Result: NOTE
     Note: found 4 marked Latin-1 strings
     Note: found 21 marked UTF-8 strings
Flavors: r-devel-linux-x86_64-fedora-clang, r-devel-linux-x86_64-fedora-gcc, r-patched-solaris-x86, r-release-osx-x86_64, r-oldrel-osx-x86_64