CRAN Package Check Results for Package dams

Last updated on 2020-11-27 19:48:44 CET.

Flavor Version Tinstall Tcheck Ttotal Status Flags
r-devel-linux-x86_64-debian-clang 0.3.0 11.69 65.34 77.03 OK
r-devel-linux-x86_64-debian-gcc 0.3.0 9.46 50.68 60.14 OK
r-devel-linux-x86_64-fedora-clang 0.3.0 94.43 NOTE
r-devel-linux-x86_64-fedora-gcc 0.3.0 86.50 NOTE
r-devel-windows-ix86+x86_64 0.3.0 19.00 83.00 102.00 OK
r-patched-linux-x86_64 0.3.0 9.72 60.90 70.62 OK
r-patched-solaris-x86 0.3.0 133.80 NOTE
r-release-linux-x86_64 0.3.0 9.16 60.24 69.40 OK
r-release-macos-x86_64 0.3.0 NOTE
r-release-windows-ix86+x86_64 0.3.0 20.00 86.00 106.00 OK
r-oldrel-macos-x86_64 0.3.0 NOTE
r-oldrel-windows-ix86+x86_64 0.3.0 13.00 80.00 93.00 OK

Check Details

Version: 0.3.0
Check: data for non-ASCII characters
Result: NOTE
     Note: found 5 marked UTF-8 strings
Flavors: r-devel-linux-x86_64-fedora-clang, r-devel-linux-x86_64-fedora-gcc, r-patched-solaris-x86, r-release-macos-x86_64, r-oldrel-macos-x86_64