CRAN Package Check Results for Package dashTable

Last updated on 2020-12-02 09:51:10 CET.

Flavor Version Tinstall Tcheck Ttotal Status Flags
r-devel-linux-x86_64-debian-clang 4.7.0 4.08 21.37 25.45 OK
r-devel-linux-x86_64-debian-gcc 4.7.0 2.63 18.93 21.56 OK
r-devel-linux-x86_64-fedora-clang 4.7.0 35.34 NOTE
r-devel-linux-x86_64-fedora-gcc 4.7.0 25.16 OK
r-devel-windows-ix86+x86_64 4.7.0 7.00 35.00 42.00 NOTE
r-patched-linux-x86_64 4.7.0 3.26 21.89 25.15 OK
r-patched-solaris-x86 4.7.0 43.50 NOTE
r-release-linux-x86_64 4.7.0 3.46 22.10 25.56 OK
r-release-macos-x86_64 4.7.0 NOTE
r-release-windows-ix86+x86_64 4.7.0 8.00 29.00 37.00 NOTE
r-oldrel-macos-x86_64 4.7.0 NOTE
r-oldrel-windows-ix86+x86_64 4.7.0 4.00 32.00 36.00 NOTE

Check Details

Version: 4.7.0
Check: installed package size
Result: NOTE
     installed size is 6.7Mb
     sub-directories of 1Mb or more:
     deps 6.5Mb
Flavors: r-devel-linux-x86_64-fedora-clang, r-devel-windows-ix86+x86_64, r-patched-solaris-x86, r-release-macos-x86_64, r-release-windows-ix86+x86_64, r-oldrel-macos-x86_64, r-oldrel-windows-ix86+x86_64

Version: 4.7.0
Check: package dependencies
Result: NOTE
    Package suggested but not available for checking: ‘dash’
Flavor: r-oldrel-macos-x86_64