CRAN Package Check Results for Package data360r

Last updated on 2021-04-15 04:48:37 CEST.

Flavor Version Tinstall Tcheck Ttotal Status Flags
r-devel-linux-x86_64-debian-clang 1.0.8 2.56 26.96 29.52 NOTE
r-devel-linux-x86_64-debian-gcc 1.0.8 1.84 20.97 22.81 NOTE
r-devel-linux-x86_64-fedora-clang 1.0.8 44.86 NOTE
r-devel-linux-x86_64-fedora-gcc 1.0.8 34.26 NOTE
r-devel-windows-ix86+x86_64 1.0.8 7.00 42.00 49.00 NOTE
r-devel-windows-x86_64-gcc10-UCRT 1.0.8 NOTE
r-patched-linux-x86_64 1.0.8 2.45 25.54 27.99 OK
r-patched-solaris-x86 1.0.8 53.10 NOTE
r-release-linux-x86_64 1.0.8 2.50 25.41 27.91 OK
r-release-macos-x86_64 1.0.8 NOTE
r-release-windows-ix86+x86_64 1.0.8 11.00 43.00 54.00 OK
r-oldrel-macos-x86_64 1.0.8 NOTE
r-oldrel-windows-ix86+x86_64 1.0.8 4.00 33.00 37.00 OK

Check Details

Version: 1.0.8
Check: LazyData
Result: NOTE
     'LazyData' is specified without a 'data' directory
Flavors: r-devel-linux-x86_64-debian-clang, r-devel-linux-x86_64-debian-gcc, r-devel-linux-x86_64-fedora-clang, r-devel-linux-x86_64-fedora-gcc, r-devel-windows-ix86+x86_64, r-devel-windows-x86_64-gcc10-UCRT

Version: 1.0.8
Check: dependencies in R code
Result: NOTE
    Namespace in Imports field not imported from: ‘curl’
     All declared Imports should be used.
Flavors: r-devel-linux-x86_64-fedora-clang, r-devel-linux-x86_64-fedora-gcc, r-devel-windows-x86_64-gcc10-UCRT, r-patched-solaris-x86, r-release-macos-x86_64, r-oldrel-macos-x86_64