CRAN Package Check Results for Package dataPreparation

Last updated on 2020-12-03 16:47:39 CET.

Flavor Version Tinstall Tcheck Ttotal Status Flags
r-devel-linux-x86_64-debian-clang 1.0.0 13.11 164.72 177.83 WARN
r-devel-linux-x86_64-debian-gcc 1.0.0 10.56 124.23 134.79 WARN
r-devel-linux-x86_64-fedora-clang 1.0.0 206.08 WARN
r-devel-linux-x86_64-fedora-gcc 1.0.0 193.85 WARN
r-devel-windows-ix86+x86_64 1.0.0 25.00 187.00 212.00 WARN
r-patched-linux-x86_64 1.0.0 11.74 172.38 184.12 OK
r-patched-solaris-x86 1.0.0 282.20 OK
r-release-linux-x86_64 1.0.0 12.62 168.22 180.84 OK
r-release-macos-x86_64 1.0.0 OK
r-release-windows-ix86+x86_64 1.0.0 22.00 162.00 184.00 OK
r-oldrel-macos-x86_64 1.0.0 OK
r-oldrel-windows-ix86+x86_64 1.0.0 19.00 202.00 221.00 OK

Check Details

Version: 1.0.0
Check: re-building of vignette outputs
Result: WARN
    Error(s) in re-building vignettes:
     ...
    --- re-building 'dataPreparation.Rmd' using rmarkdown
    Loading required package: lubridate
    
    Attaching package: 'lubridate'
    
    The following objects are masked from 'package:base':
    
     date, intersect, setdiff, union
    
    Loading required package: stringr
    Loading required package: Matrix
    Loading required package: progress
    dataPreparation 1.0.0
    Type data_preparation_news() to see new features/changes/bug fixes.
    
    Attaching package: 'data.table'
    
    The following objects are masked from 'package:lubridate':
    
     hour, isoweek, mday, minute, month, quarter, second, wday, week,
     yday, year
    
    Quitting from lines 191-192 (dataPreparation.Rmd)
    Error: processing vignette 'dataPreparation.Rmd' failed with diagnostics:
    first argument has length > 1
    --- failed re-building 'dataPreparation.Rmd'
    
    --- re-building 'train_test_prep.Rmd' using rmarkdown
    Loading required package: lubridate
    
    Attaching package: 'lubridate'
    
    The following objects are masked from 'package:base':
    
     date, intersect, setdiff, union
    
    Loading required package: stringr
    Loading required package: Matrix
    Loading required package: progress
    dataPreparation 1.0.0
    Type data_preparation_news() to see new features/changes/bug fixes.
    
    Attaching package: 'data.table'
    
    The following objects are masked from 'package:lubridate':
    
     hour, isoweek, mday, minute, month, quarter, second, wday, week,
     yday, year
    
    --- finished re-building 'train_test_prep.Rmd'
    
    SUMMARY: processing the following file failed:
     'dataPreparation.Rmd'
    
    Error: Vignette re-building failed.
    Execution halted
Flavors: r-devel-linux-x86_64-debian-clang, r-devel-linux-x86_64-debian-gcc

Version: 1.0.0
Check: re-building of vignette outputs
Result: WARN
    Error(s) in re-building vignettes:
    --- re-building ‘dataPreparation.Rmd’ using rmarkdown
    Loading required package: lubridate
    
    Attaching package: 'lubridate'
    
    The following objects are masked from 'package:base':
    
     date, intersect, setdiff, union
    
    Loading required package: stringr
    Loading required package: Matrix
    Loading required package: progress
    dataPreparation 1.0.0
    Type data_preparation_news() to see new features/changes/bug fixes.
    
    Attaching package: 'data.table'
    
    The following objects are masked from 'package:lubridate':
    
     hour, isoweek, mday, minute, month, quarter, second, wday, week,
     yday, year
    
    Quitting from lines 191-192 (dataPreparation.Rmd)
    Error: processing vignette 'dataPreparation.Rmd' failed with diagnostics:
    first argument has length > 1
    --- failed re-building ‘dataPreparation.Rmd’
    
    --- re-building ‘train_test_prep.Rmd’ using rmarkdown
    Loading required package: lubridate
    
    Attaching package: 'lubridate'
    
    The following objects are masked from 'package:base':
    
     date, intersect, setdiff, union
    
    Loading required package: stringr
    Loading required package: Matrix
    Loading required package: progress
    dataPreparation 1.0.0
    Type data_preparation_news() to see new features/changes/bug fixes.
    
    Attaching package: 'data.table'
    
    The following objects are masked from 'package:lubridate':
    
     hour, isoweek, mday, minute, month, quarter, second, wday, week,
     yday, year
    
    --- finished re-building ‘train_test_prep.Rmd’
    
    SUMMARY: processing the following file failed:
     ‘dataPreparation.Rmd’
    
    Error: Vignette re-building failed.
    Execution halted
Flavors: r-devel-linux-x86_64-fedora-clang, r-devel-linux-x86_64-fedora-gcc, r-devel-windows-ix86+x86_64