CRAN Package Check Results for Package datetime

Last updated on 2022-01-26 02:51:04 CET.

Flavor Version Tinstall Tcheck Ttotal Status Flags
r-devel-linux-x86_64-debian-clang 0.1.4 1.98 33.91 35.89 NOTE
r-devel-linux-x86_64-debian-gcc 0.1.4 1.88 26.82 28.70 NOTE
r-devel-linux-x86_64-fedora-clang 0.1.4 44.13 NOTE
r-devel-linux-x86_64-fedora-gcc 0.1.4 34.11 NOTE
r-devel-windows-x86_64-new-UL 0.1.4 46.00 51.00 97.00 NOTE
r-devel-windows-x86_64-new-TK 0.1.4 NOTE
r-patched-linux-x86_64 0.1.4 2.51 31.52 34.03 NOTE
r-release-linux-x86_64 0.1.4 1.90 31.69 33.59 NOTE
r-release-macos-arm64 0.1.4 NOTE
r-release-macos-x86_64 0.1.4 NOTE
r-release-windows-ix86+x86_64 0.1.4 5.00 44.00 49.00 NOTE
r-oldrel-macos-x86_64 0.1.4 OK
r-oldrel-windows-ix86+x86_64 0.1.4 6.00 43.00 49.00 OK

Check Details

Version: 0.1.4
Check: LazyData
Result: NOTE
     'LazyData' is specified without a 'data' directory
Flavors: r-devel-linux-x86_64-debian-clang, r-devel-linux-x86_64-debian-gcc, r-devel-linux-x86_64-fedora-clang, r-devel-linux-x86_64-fedora-gcc, r-devel-windows-x86_64-new-UL, r-devel-windows-x86_64-new-TK, r-patched-linux-x86_64, r-release-linux-x86_64, r-release-macos-arm64, r-release-macos-x86_64, r-release-windows-ix86+x86_64