CRAN Package Check Results for Package datrProfile

Last updated on 2022-01-23 21:48:11 CET.

Flavor Version Tinstall Tcheck Ttotal Status Flags
r-devel-linux-x86_64-debian-clang 0.1.0 2.08 34.60 36.68 NOTE
r-devel-linux-x86_64-debian-gcc 0.1.0 2.04 29.47 31.51 NOTE
r-devel-linux-x86_64-fedora-clang 0.1.0 46.24 NOTE
r-devel-linux-x86_64-fedora-gcc 0.1.0 35.25 NOTE
r-devel-windows-x86_64-new-UL 0.1.0 57.00 57.00 114.00 NOTE
r-devel-windows-x86_64-new-TK 0.1.0 NOTE
r-patched-linux-x86_64 0.1.0 1.86 33.40 35.26 NOTE
r-release-linux-x86_64 0.1.0 1.66 33.64 35.30 NOTE
r-release-macos-arm64 0.1.0 NOTE
r-release-macos-x86_64 0.1.0 NOTE
r-release-windows-ix86+x86_64 0.1.0 6.00 46.00 52.00 NOTE
r-oldrel-macos-x86_64 0.1.0 OK
r-oldrel-windows-ix86+x86_64 0.1.0 6.00 41.00 47.00 OK

Check Details

Version: 0.1.0
Check: LazyData
Result: NOTE
     'LazyData' is specified without a 'data' directory
Flavors: r-devel-linux-x86_64-debian-clang, r-devel-linux-x86_64-debian-gcc, r-devel-linux-x86_64-fedora-clang, r-devel-linux-x86_64-fedora-gcc, r-devel-windows-x86_64-new-UL, r-devel-windows-x86_64-new-TK, r-patched-linux-x86_64, r-release-linux-x86_64, r-release-macos-arm64, r-release-macos-x86_64, r-release-windows-ix86+x86_64