CRAN Package Check Results for Package dbfaker

Last updated on 2019-09-23 17:47:03 CEST.

Flavor Version Tinstall Tcheck Ttotal Status Flags
r-devel-linux-x86_64-debian-clang 0.1.0 3.53 32.57 36.10 NOTE
r-devel-linux-x86_64-debian-gcc 0.1.0 3.24 26.38 29.62 NOTE
r-devel-linux-x86_64-fedora-clang 0.1.0 45.44 OK
r-devel-linux-x86_64-fedora-gcc 0.1.0 42.96 OK
r-devel-windows-ix86+x86_64 0.1.0 24.00 76.00 100.00 NOTE
r-patched-linux-x86_64 0.1.0 3.32 31.59 34.91 OK
r-patched-solaris-x86 0.1.0 67.10 OK
r-release-linux-x86_64 0.1.0 3.68 31.89 35.57 OK
r-release-windows-ix86+x86_64 0.1.0 16.00 76.00 92.00 NOTE
r-release-osx-x86_64 0.1.0 OK
r-oldrel-windows-ix86+x86_64 0.1.0 5.00 46.00 51.00 NOTE
r-oldrel-osx-x86_64 0.1.0 OK

Check Details

Version: 0.1.0
Check: package vignettes
Result: NOTE
    Package vignette with placeholder title 'Vignette Title':
     'verifyWrite.Rmd'
Flavors: r-devel-linux-x86_64-debian-clang, r-devel-linux-x86_64-debian-gcc, r-devel-windows-ix86+x86_64

Version: 0.1.0
Check: package dependencies
Result: NOTE
    Package suggested but not available for checking: 'doMC'
Flavors: r-devel-windows-ix86+x86_64, r-release-windows-ix86+x86_64, r-oldrel-windows-ix86+x86_64