CRAN Package Check Results for Package dbfaker

Last updated on 2020-06-01 13:49:32 CEST.

Flavor Version Tinstall Tcheck Ttotal Status Flags
r-devel-linux-x86_64-debian-clang 0.1.0 3.96 36.16 40.12 NOTE
r-devel-linux-x86_64-debian-gcc 0.1.0 3.01 28.32 31.33 NOTE
r-devel-linux-x86_64-fedora-clang 0.1.0 56.72 OK
r-devel-linux-x86_64-fedora-gcc 0.1.0 47.90 OK
r-devel-windows-ix86+x86_64 0.1.0 18.00 90.00 108.00 NOTE
r-patched-linux-x86_64 0.1.0 4.08 39.82 43.90 NOTE
r-patched-solaris-x86 0.1.0 78.20 OK
r-release-linux-x86_64 0.1.0 4.33 35.09 39.42 NOTE
r-release-osx-x86_64 0.1.0 OK
r-release-windows-ix86+x86_64 0.1.0 15.00 76.00 91.00 NOTE
r-oldrel-osx-x86_64 0.1.0 OK
r-oldrel-windows-ix86+x86_64 0.1.0 10.00 54.00 64.00 NOTE

Check Details

Version: 0.1.0
Check: package vignettes
Result: NOTE
    Package vignette with placeholder title 'Vignette Title':
     'verifyWrite.Rmd'
Flavors: r-devel-linux-x86_64-debian-clang, r-devel-linux-x86_64-debian-gcc, r-devel-windows-ix86+x86_64, r-patched-linux-x86_64, r-release-linux-x86_64, r-release-windows-ix86+x86_64

Version: 0.1.0
Check: package dependencies
Result: NOTE
    Package suggested but not available for checking: 'doMC'
Flavors: r-devel-windows-ix86+x86_64, r-release-windows-ix86+x86_64, r-oldrel-windows-ix86+x86_64