CRAN Package Check Results for Package dcminfo

Last updated on 2020-11-29 15:46:33 CET.

Flavor Version Tinstall Tcheck Ttotal Status Flags
r-devel-linux-x86_64-debian-clang 0.1.7 3.27 30.53 33.80 OK
r-devel-linux-x86_64-debian-gcc 0.1.7 2.69 24.51 27.20 OK
r-devel-linux-x86_64-fedora-clang 0.1.7 48.55 NOTE
r-devel-linux-x86_64-fedora-gcc 0.1.7 37.17 NOTE
r-devel-windows-ix86+x86_64 0.1.7 5.00 40.00 45.00 OK
r-patched-linux-x86_64 0.1.7 3.09 30.87 33.96 OK
r-patched-solaris-x86 0.1.7 58.50 NOTE
r-release-linux-x86_64 0.1.7 3.28 30.43 33.71 OK
r-release-macos-x86_64 0.1.7 NOTE
r-release-windows-ix86+x86_64 0.1.7 5.00 37.00 42.00 OK
r-oldrel-macos-x86_64 0.1.7 NOTE
r-oldrel-windows-ix86+x86_64 0.1.7 4.00 49.00 53.00 OK

Check Details

Version: 0.1.7
Check: dependencies in R code
Result: NOTE
    Namespace in Imports field not imported from: ‘CDM’
     All declared Imports should be used.
Flavors: r-devel-linux-x86_64-fedora-clang, r-devel-linux-x86_64-fedora-gcc, r-patched-solaris-x86, r-release-macos-x86_64, r-oldrel-macos-x86_64