CRAN Package Check Results for Package dcov

Last updated on 2022-01-28 01:50:28 CET.

Flavor Version Tinstall Tcheck Ttotal Status Flags
r-devel-linux-x86_64-debian-clang 0.1.1 133.73 36.14 169.87 NOTE
r-devel-linux-x86_64-debian-gcc 0.1.1 103.81 28.06 131.87 NOTE
r-devel-linux-x86_64-fedora-clang 0.1.1 261.86 NOTE
r-devel-linux-x86_64-fedora-gcc 0.1.1 217.64 NOTE
r-devel-windows-x86_64-new-UL 0.1.1 113.00 78.00 191.00 NOTE
r-devel-windows-x86_64-new-TK 0.1.1 NOTE
r-patched-linux-x86_64 0.1.1 104.94 33.98 138.92 NOTE
r-release-linux-x86_64 0.1.1 111.16 33.73 144.89 NOTE
r-release-macos-arm64 0.1.1 NOTE
r-release-macos-x86_64 0.1.1 NOTE
r-release-windows-ix86+x86_64 0.1.1 331.00 72.00 403.00 NOTE
r-oldrel-macos-x86_64 0.1.1 OK
r-oldrel-windows-ix86+x86_64 0.1.1 331.00 73.00 404.00 OK

Check Details

Version: 0.1.1
Check: LazyData
Result: NOTE
     'LazyData' is specified without a 'data' directory
Flavors: r-devel-linux-x86_64-debian-clang, r-devel-linux-x86_64-debian-gcc, r-devel-linux-x86_64-fedora-clang, r-devel-linux-x86_64-fedora-gcc, r-devel-windows-x86_64-new-UL, r-devel-windows-x86_64-new-TK, r-patched-linux-x86_64, r-release-linux-x86_64, r-release-macos-arm64, r-release-macos-x86_64, r-release-windows-ix86+x86_64

Version: 0.1.1
Check: installed package size
Result: NOTE
     installed size is 5.0Mb
     sub-directories of 1Mb or more:
     libs 4.9Mb
Flavor: r-release-macos-arm64