CRAN Package Check Results for Package deltaPlotR

Last updated on 2022-10-01 18:54:11 CEST.

Flavor Version Tinstall Tcheck Ttotal Status Flags
r-devel-linux-x86_64-debian-clang 1.6 2.69 27.66 30.35 NOTE
r-devel-linux-x86_64-debian-gcc 1.6 2.06 21.39 23.45 NOTE
r-devel-linux-x86_64-fedora-clang 1.6 50.12 NOTE
r-devel-linux-x86_64-fedora-gcc 1.6 48.65 NOTE
r-devel-windows-x86_64 1.6 8.00 55.00 63.00 OK
r-patched-linux-x86_64 1.6 3.03 25.97 29.00 NOTE
r-release-linux-x86_64 1.6 2.37 26.48 28.85 NOTE
r-release-macos-arm64 1.6 16.00 OK
r-release-macos-x86_64 1.6 21.00 OK
r-release-windows-x86_64 1.6 22.00 51.00 73.00 OK
r-oldrel-macos-arm64 1.6 20.00 OK
r-oldrel-macos-x86_64 1.6 29.00 OK
r-oldrel-windows-ix86+x86_64 1.6 6.00 49.00 55.00 OK

Check Details

Version: 1.6
Check: for non-standard things in the check directory
Result: NOTE
    Found the following files/directories:
     'res.pdf' 'res1.jpg'
Flavors: r-devel-linux-x86_64-debian-clang, r-devel-linux-x86_64-debian-gcc, r-devel-linux-x86_64-fedora-clang, r-devel-linux-x86_64-fedora-gcc, r-patched-linux-x86_64, r-release-linux-x86_64