Last updated on 2023-01-29 08:56:57 CET.
Flavor | Version | Tinstall | Tcheck | Ttotal | Status | Flags |
---|---|---|---|---|---|---|
r-devel-linux-x86_64-debian-clang | 1.16.0 | 14.18 | 293.51 | 307.69 | OK | |
r-devel-linux-x86_64-debian-gcc | 1.16.0 | 11.06 | 215.50 | 226.56 | OK | |
r-devel-linux-x86_64-fedora-clang | 1.16.0 | 402.65 | NOTE | |||
r-devel-linux-x86_64-fedora-gcc | 1.16.0 | 368.47 | OK | |||
r-devel-windows-x86_64 | 1.16.0 | 138.00 | 466.00 | 604.00 | NOTE | |
r-patched-linux-x86_64 | 1.16.0 | 14.90 | 265.03 | 279.93 | OK | |
r-release-linux-x86_64 | 1.16.0 | 12.50 | 260.15 | 272.65 | OK | |
r-release-macos-arm64 | 1.16.0 | 157.00 | NOTE | |||
r-release-macos-x86_64 | 1.16.0 | 193.00 | NOTE | |||
r-release-windows-x86_64 | 1.16.0 | 151.00 | 393.00 | 544.00 | NOTE | |
r-oldrel-macos-arm64 | 1.16.0 | 157.00 | NOTE | |||
r-oldrel-macos-x86_64 | 1.16.0 | 205.00 | NOTE | |||
r-oldrel-windows-ix86+x86_64 | 1.16.0 | 29.00 | 319.00 | 348.00 | NOTE |
Version: 1.16.0
Check: installed package size
Result: NOTE
installed size is 5.4Mb
sub-directories of 1Mb or more:
doc 4.2Mb
Flavors: r-devel-linux-x86_64-fedora-clang, r-devel-windows-x86_64, r-release-macos-arm64, r-release-macos-x86_64, r-release-windows-x86_64, r-oldrel-macos-arm64, r-oldrel-macos-x86_64, r-oldrel-windows-ix86+x86_64