CRAN Package Check Results for Package dendroextras

Last updated on 2024-06-13 14:48:56 CEST.

Flavor Version Tinstall Tcheck Ttotal Status Flags
r-devel-linux-x86_64-debian-clang 0.2.3 2.16 25.16 27.32 OK
r-devel-linux-x86_64-debian-gcc 0.2.3 1.61 17.93 19.54 ERROR
r-devel-linux-x86_64-fedora-clang 0.2.3 34.76 OK
r-devel-linux-x86_64-fedora-gcc 0.2.3 32.35 OK
r-devel-windows-x86_64 0.2.3 3.00 41.00 44.00 OK
r-patched-linux-x86_64 0.2.3 2.59 23.57 26.16 OK
r-release-linux-x86_64 0.2.3 2.27 24.29 26.56 OK
r-release-macos-arm64 0.2.3 15.00 OK
r-release-macos-x86_64 0.2.3 22.00 OK
r-release-windows-x86_64 0.2.3 4.00 44.00 48.00 OK
r-oldrel-macos-arm64 0.2.3 17.00 OK
r-oldrel-macos-x86_64 0.2.3 22.00 OK
r-oldrel-windows-x86_64 0.2.3 3.00 43.00 46.00 OK

Check Details

Version: 0.2.3
Check: package dependencies
Result: NOTE Package suggested but not available for checking: ‘testthat’ Flavor: r-devel-linux-x86_64-debian-gcc

Version: 0.2.3
Check: tests
Result: ERROR Running ‘test-all.R’ [0s/1s] Running the tests in ‘tests/test-all.R’ failed. Complete output: > # Run all tests for gphys package > # > # Author: jefferis > ############################################################################### > > library(testthat) Error in library(testthat) : there is no package called 'testthat' Execution halted Flavor: r-devel-linux-x86_64-debian-gcc