CRAN Package Check Results for Package derivmkts

Last updated on 2023-09-21 09:57:46 CEST.

Flavor Version Tinstall Tcheck Ttotal Status Flags
r-devel-linux-x86_64-debian-clang 0.2.5 4.41 63.90 68.31 NOTE
r-devel-linux-x86_64-debian-gcc 0.2.5 3.89 48.63 52.52 NOTE
r-devel-linux-x86_64-fedora-clang 0.2.5 87.19 NOTE
r-devel-linux-x86_64-fedora-gcc 0.2.5 96.44 NOTE
r-devel-windows-x86_64 0.2.5 7.00 127.00 134.00 NOTE
r-patched-linux-x86_64 0.2.5 4.62 62.26 66.88 NOTE
r-release-linux-x86_64 0.2.5 4.93 62.63 67.56 NOTE
r-release-macos-arm64 0.2.5 36.00 NOTE
r-release-macos-x86_64 0.2.5 48.00 NOTE
r-release-windows-x86_64 0.2.5 8.00 77.00 85.00 NOTE
r-oldrel-macos-arm64 0.2.5 32.00 OK
r-oldrel-macos-x86_64 0.2.5 38.00 OK
r-oldrel-windows-x86_64 0.2.5 16.00 79.00 95.00 OK

Check Details

Version: 0.2.5
Check: Rd files
Result: NOTE
    checkRd: (-1) barriers.Rd:127: Escaped LaTeX specials: \$
Flavors: r-devel-linux-x86_64-debian-clang, r-devel-linux-x86_64-debian-gcc, r-devel-linux-x86_64-fedora-clang, r-devel-linux-x86_64-fedora-gcc, r-devel-windows-x86_64, r-patched-linux-x86_64, r-release-linux-x86_64, r-release-macos-arm64, r-release-macos-x86_64, r-release-windows-x86_64