CRAN Package Check Results for Package desirability

Last updated on 2021-09-19 21:48:54 CEST.

Flavor Version Tinstall Tcheck Ttotal Status Flags
r-devel-linux-x86_64-debian-clang 2.1 2.12 40.94 43.06 OK
r-devel-linux-x86_64-debian-gcc 2.1 1.72 31.70 33.42 OK
r-devel-linux-x86_64-fedora-clang 2.1 58.66 OK
r-devel-linux-x86_64-fedora-gcc 2.1 50.11 OK
r-devel-windows-x86_64 2.1 4.00 45.00 49.00 OK
r-devel-windows-x86_64-gcc10-UCRT 2.1 ERROR
r-patched-linux-x86_64 2.1 2.63 40.35 42.98 OK
r-patched-solaris-x86 2.1 69.70 OK
r-release-linux-x86_64 2.1 2.06 39.96 42.02 OK
r-release-macos-arm64 2.1 OK
r-release-macos-x86_64 2.1 OK
r-release-windows-ix86+x86_64 2.1 5.00 49.00 54.00 OK
r-oldrel-macos-x86_64 2.1 OK
r-oldrel-windows-ix86+x86_64 2.1 4.00 48.00 52.00 OK

Check Details

Version: 2.1
Check: whether package can be installed
Result: WARN
    Found the following significant warnings:
     WARNING: installation-time patches will not be applied, could not get the patches index
Flavor: r-devel-windows-x86_64-gcc10-UCRT

Version: 2.1
Check: PDF version of manual
Result: WARN
    LaTeX errors when creating PDF version.
    This typically indicates Rd problems.
Flavor: r-devel-windows-x86_64-gcc10-UCRT

Version: 2.1
Check: PDF version of manual without hyperrefs or index
Result: ERROR
    Re-running with no redirection of stdout/stderr.
Flavor: r-devel-windows-x86_64-gcc10-UCRT