CRAN Package Check Results for Package devEMF

Last updated on 2024-02-28 08:54:25 CET.

Flavor Version Tinstall Tcheck Ttotal Status Flags
r-devel-linux-x86_64-debian-clang 4.4-2 14.03 22.44 36.47 OK
r-devel-linux-x86_64-debian-gcc 4.4-2 11.90 17.20 29.10 OK
r-devel-linux-x86_64-fedora-clang 4.4-2 47.97 OK
r-devel-linux-x86_64-fedora-gcc 4.4-2 50.50 OK
r-devel-windows-x86_64 4.4-2 21.00 55.00 76.00 WARN
r-patched-linux-x86_64 4.4-2 12.68 21.71 34.39 OK
r-release-linux-x86_64 4.4-2 15.55 22.27 37.82 OK
r-release-macos-arm64 4.4-2 29.00 OK
r-release-macos-x86_64 4.4-2 51.00 OK
r-release-windows-x86_64 4.4-2 25.00 65.00 90.00 OK
r-oldrel-macos-arm64 4.4-2 28.00 OK
r-oldrel-windows-x86_64 4.4-2 13.00 61.00 74.00 OK

Check Details

Version: 4.4-2
Check: whether package can be installed
Result: WARN Found the following significant warnings: WARNING: failed to apply patch d:/RCompile/CRANpkg/r_packages/patches/CRAN/devEMF.diff See 'd:/Rcompile/CRANpkg/local/4.4/devEMF.Rcheck/00install.out' for details. * used C++ compiler: 'g++.exe (GCC) 12.3.0' Flavor: r-devel-windows-x86_64