CRAN Package Check Results for Package devtools

Last updated on 2020-02-19 21:46:32 CET.

Flavor Version Tinstall Tcheck Ttotal Status Flags
r-devel-linux-x86_64-debian-clang 2.2.2 10.63 173.20 183.83 OK
r-devel-linux-x86_64-debian-gcc 2.2.2 7.42 132.56 139.98 OK
r-devel-linux-x86_64-fedora-clang 2.2.2 227.64 NOTE
r-devel-linux-x86_64-fedora-gcc 2.2.2 224.24 OK
r-devel-windows-ix86+x86_64 2.2.1 21.00 163.00 184.00 WARN
r-devel-windows-ix86+x86_64-gcc8 2.2.1 33.00 263.00 296.00 OK
r-patched-linux-x86_64 2.2.2 9.92 152.26 162.18 OK
r-patched-solaris-x86 2.2.2 218.20 OK
r-release-linux-x86_64 2.2.2 8.94 152.93 161.87 OK
r-release-windows-ix86+x86_64 2.2.2 17.00 156.00 173.00 OK
r-release-osx-x86_64 2.2.2 OK
r-oldrel-windows-ix86+x86_64 2.2.1 13.00 152.00 165.00 WARN
r-oldrel-osx-x86_64 2.2.2 OK

Check Details

Version: 2.2.2
Check: package dependencies
Result: NOTE
    Imports includes 24 non-default packages.
    Importing from so many packages makes the package vulnerable to any of
    them becoming unavailable. Move as many as possible to Suggests and
    use conditionally.
Flavor: r-devel-linux-x86_64-fedora-clang

Version: 2.2.1
Check: for code/documentation mismatches
Result: WARN
    Codoc mismatches from documentation object 'remote-reexports':
    install_github
     Code: function(repo, ref = "master", subdir = NULL, auth_token =
     github_pat(quiet), host = "api.github.com",
     dependencies = NA, upgrade = c("default", "ask",
     "always", "never"), force = FALSE, quiet = FALSE,
     build = TRUE, build_opts = c("--no-resave-data",
     "--no-manual", "--no-build-vignettes"), build_manual =
     FALSE, build_vignettes = FALSE, repos =
     getOption("repos"), type = getOption("pkgType"), ...)
     Docs: function(repo, ref = "master", subdir = NULL, auth_token =
     github_pat(), host = "api.github.com", dependencies =
     NA, upgrade = c("default", "ask", "always", "never"),
     force = FALSE, quiet = FALSE, build = TRUE, build_opts
     = c("--no-resave-data", "--no-manual",
     "--no-build-vignettes"), build_manual = FALSE,
     build_vignettes = FALSE, repos = getOption("repos"),
     type = getOption("pkgType"), ...)
     Mismatches in argument default values:
     Name: 'auth_token' Code: github_pat(quiet) Docs: github_pat()
    install_gitlab
     Code: function(repo, subdir = NULL, auth_token = gitlab_pat(quiet),
     host = "gitlab.com", dependencies = NA, upgrade =
     c("default", "ask", "always", "never"), force = FALSE,
     quiet = FALSE, build = TRUE, build_opts =
     c("--no-resave-data", "--no-manual",
     "--no-build-vignettes"), build_manual = FALSE,
     build_vignettes = FALSE, repos = getOption("repos"),
     type = getOption("pkgType"), ...)
     Docs: function(repo, auth_token = gitlab_pat(), host = "gitlab.com",
     dependencies = NA, upgrade = c("default", "ask",
     "always", "never"), force = FALSE, quiet = FALSE,
     build = TRUE, build_opts = c("--no-resave-data",
     "--no-manual", "--no-build-vignettes"), build_manual =
     FALSE, build_vignettes = FALSE, repos =
     getOption("repos"), type = getOption("pkgType"), ...)
     Argument names in code not in docs:
     subdir
     Mismatches in argument names (first 3):
     Position: 2 Code: subdir Docs: auth_token
     Position: 3 Code: auth_token Docs: host
     Position: 4 Code: host Docs: dependencies
     Mismatches in argument default values:
     Name: 'auth_token' Code: gitlab_pat(quiet) Docs: gitlab_pat()
Flavors: r-devel-windows-ix86+x86_64, r-oldrel-windows-ix86+x86_64