CRAN Package Check Results for Package dfidx

Last updated on 2022-01-25 19:50:28 CET.

Flavor Version Tinstall Tcheck Ttotal Status Flags
r-devel-linux-x86_64-debian-clang 0.0-4 5.07 60.96 66.03 OK
r-devel-linux-x86_64-debian-gcc 0.0-4 4.09 48.19 52.28 OK
r-devel-linux-x86_64-fedora-clang 0.0-4 76.94 OK
r-devel-linux-x86_64-fedora-gcc 0.0-4 66.75 OK
r-devel-windows-x86_64-new-UL 0.0-4 32.00 77.00 109.00 OK
r-devel-windows-x86_64-new-TK 0.0-4 ERROR
r-patched-linux-x86_64 0.0-4 4.89 54.01 58.90 OK
r-release-linux-x86_64 0.0-4 3.68 53.54 57.22 OK
r-release-macos-arm64 0.0-4 OK
r-release-macos-x86_64 0.0-4 OK
r-release-windows-ix86+x86_64 0.0-4 13.00 69.00 82.00 OK
r-oldrel-macos-x86_64 0.0-4 OK
r-oldrel-windows-ix86+x86_64 0.0-4 13.00 70.00 83.00 OK

Check Details

Version: 0.0-4
Check: package dependencies
Result: NOTE
    Package suggested but not available for checking: 'AER'
Flavor: r-devel-windows-x86_64-new-TK

Version: 0.0-4
Check: examples
Result: ERROR
    Running examples in 'dfidx-Ex.R' failed
    The error most likely occurred in:
    
    > ### Name: dfidx
    > ### Title: Data frames with indexes
    > ### Aliases: dfidx
    >
    > ### ** Examples
    >
    >
    > data("TravelMode", package = "AER")
    Error in find.package(package, lib.loc, verbose = verbose) :
     there is no package called 'AER'
    Calls: data -> find.package
    Execution halted
Flavor: r-devel-windows-x86_64-new-TK

Version: 0.0-4
Check: re-building of vignette outputs
Result: WARN
    Error(s) in re-building vignettes:
    --- re-building 'dfidx.Rmd' using rmarkdown
    
    Attaching package: 'dfidx'
    
    The following object is masked from 'package:stats':
    
     filter
    
    Quitting from lines 60-62 (dfidx.Rmd)
    Error: processing vignette 'dfidx.Rmd' failed with diagnostics:
    there is no package called 'AER'
    --- failed re-building 'dfidx.Rmd'
    
    SUMMARY: processing the following file failed:
     'dfidx.Rmd'
    
    Error: Vignette re-building failed.
    Execution halted
Flavor: r-devel-windows-x86_64-new-TK