CRAN Package Check Results for Package didimputation

Last updated on 2022-06-25 17:51:26 CEST.

Flavor Version Tinstall Tcheck Ttotal Status Flags
r-devel-linux-x86_64-debian-clang 0.1.0 39.06 131.26 170.32 OK
r-devel-linux-x86_64-debian-gcc 0.1.0 32.90 93.36 126.26 OK
r-devel-linux-x86_64-fedora-clang 0.1.0 223.82 NOTE
r-devel-linux-x86_64-fedora-gcc 0.1.0 215.73 NOTE
r-devel-windows-x86_64 0.1.0 50.00 167.00 217.00 OK
r-patched-linux-x86_64 0.1.0 28.02 124.90 152.92 OK
r-release-linux-x86_64 0.1.0 26.94 124.88 151.82 OK
r-release-macos-arm64 0.1.0 62.00 NOTE
r-release-macos-x86_64 0.1.0 117.00 NOTE
r-release-windows-x86_64 0.1.0 52.00 164.00 216.00 OK
r-oldrel-macos-arm64 0.1.0 59.00 NOTE
r-oldrel-macos-x86_64 0.1.0 78.00 NOTE
r-oldrel-windows-ix86+x86_64 0.1.0 98.00 289.00 387.00 OK

Check Details

Version: 0.1.0
Check: dependencies in R code
Result: NOTE
    Namespace in Imports field not imported from: ‘rlang’
     All declared Imports should be used.
Flavors: r-devel-linux-x86_64-fedora-clang, r-devel-linux-x86_64-fedora-gcc, r-release-macos-arm64, r-release-macos-x86_64, r-oldrel-macos-arm64, r-oldrel-macos-x86_64