CRAN Package Check Results for Package diffrprojects

Last updated on 2019-09-23 15:47:03 CEST.

Flavor Version Tinstall Tcheck Ttotal Status Flags
r-devel-linux-x86_64-debian-clang 0.1.14 30.09 89.43 119.52 OK
r-devel-linux-x86_64-debian-gcc 0.1.14 22.47 68.67 91.14 OK
r-devel-linux-x86_64-fedora-clang 0.1.14 158.02 NOTE
r-devel-linux-x86_64-fedora-gcc 0.1.14 146.83 NOTE
r-devel-windows-ix86+x86_64 0.1.14 78.00 234.00 312.00 OK
r-patched-linux-x86_64 0.1.14 25.37 83.36 108.73 OK
r-patched-solaris-x86 0.1.14 273.90 OK
r-release-linux-x86_64 0.1.14 25.24 82.86 108.10 OK
r-release-windows-ix86+x86_64 0.1.14 89.00 227.00 316.00 OK
r-release-osx-x86_64 0.1.14 OK
r-oldrel-windows-ix86+x86_64 0.1.14 52.00 170.00 222.00 OK
r-oldrel-osx-x86_64 0.1.14 OK

Check Details

Version: 0.1.14
Check: compiled code
Result: NOTE
    File ‘diffrprojects/libs/diffrprojects.so’:
     Found no calls to: ‘R_registerRoutines’, ‘R_useDynamicSymbols’
    
    It is good practice to register native routines and to disable symbol
    search.
    
    See ‘Writing portable packages’ in the ‘Writing R Extensions’ manual.
Flavors: r-devel-linux-x86_64-fedora-clang, r-devel-linux-x86_64-fedora-gcc