CRAN Package Check Results for Package diffrprojects

Last updated on 2020-06-01 13:49:33 CEST.

Flavor Version Tinstall Tcheck Ttotal Status Flags
r-devel-linux-x86_64-debian-clang 0.1.14 39.26 97.71 136.97 OK
r-devel-linux-x86_64-debian-gcc 0.1.14 25.73 70.89 96.62 OK
r-devel-linux-x86_64-fedora-clang 0.1.14 178.48 NOTE
r-devel-linux-x86_64-fedora-gcc 0.1.14 151.95 NOTE
r-devel-windows-ix86+x86_64 0.1.14 95.00 240.00 335.00 OK
r-patched-linux-x86_64 0.1.14 27.67 90.27 117.94 OK
r-patched-solaris-x86 0.1.14 282.50 OK
r-release-linux-x86_64 0.1.14 28.58 88.81 117.39 OK
r-release-osx-x86_64 0.1.14 OK
r-release-windows-ix86+x86_64 0.1.14 74.00 223.00 297.00 OK
r-oldrel-osx-x86_64 0.1.14 OK
r-oldrel-windows-ix86+x86_64 0.1.14 68.00 182.00 250.00 OK

Check Details

Version: 0.1.14
Check: compiled code
Result: NOTE
    File ‘diffrprojects/libs/diffrprojects.so’:
     Found no calls to: ‘R_registerRoutines’, ‘R_useDynamicSymbols’
    
    It is good practice to register native routines and to disable symbol
    search.
    
    See ‘Writing portable packages’ in the ‘Writing R Extensions’ manual.
Flavors: r-devel-linux-x86_64-fedora-clang, r-devel-linux-x86_64-fedora-gcc