CRAN Package Check Results for Package diffviewer

Last updated on 2021-04-15 06:47:41 CEST.

Flavor Version Tinstall Tcheck Ttotal Status Flags
r-devel-linux-x86_64-debian-clang 0.1.0 1.98 20.66 22.64 NOTE
r-devel-linux-x86_64-debian-gcc 0.1.0 1.48 16.34 17.82 NOTE
r-devel-linux-x86_64-fedora-clang 0.1.0 37.12 NOTE
r-devel-linux-x86_64-fedora-gcc 0.1.0 27.32 NOTE
r-devel-windows-ix86+x86_64 0.1.0 4.00 36.00 40.00 NOTE
r-devel-windows-x86_64-gcc10-UCRT 0.1.0 NOTE
r-patched-linux-x86_64 0.1.0 2.17 20.17 22.34 OK
r-patched-solaris-x86 0.1.0 43.20 OK
r-release-linux-x86_64 0.1.0 1.96 20.23 22.19 OK
r-release-macos-x86_64 0.1.0 OK
r-release-windows-ix86+x86_64 0.1.0 14.00 34.00 48.00 OK
r-oldrel-macos-x86_64 0.1.0 OK
r-oldrel-windows-ix86+x86_64 0.1.0 4.00 24.00 28.00 OK

Check Details

Version: 0.1.0
Check: LazyData
Result: NOTE
     'LazyData' is specified without a 'data' directory
Flavors: r-devel-linux-x86_64-debian-clang, r-devel-linux-x86_64-debian-gcc, r-devel-linux-x86_64-fedora-clang, r-devel-linux-x86_64-fedora-gcc, r-devel-windows-ix86+x86_64, r-devel-windows-x86_64-gcc10-UCRT