CRAN Package Check Results for Package dimensionsR

Last updated on 2021-04-16 08:48:23 CEST.

Flavor Version Tinstall Tcheck Ttotal Status Flags
r-devel-linux-x86_64-debian-clang 0.0.2 3.12 28.63 31.75 NOTE
r-devel-linux-x86_64-debian-gcc 0.0.2 2.27 22.39 24.66 NOTE
r-devel-linux-x86_64-fedora-clang 0.0.2 47.33 NOTE
r-devel-linux-x86_64-fedora-gcc 0.0.2 37.42 NOTE
r-devel-windows-ix86+x86_64 0.0.2 7.00 46.00 53.00 NOTE
r-devel-windows-x86_64-gcc10-UCRT 0.0.2 NOTE
r-patched-linux-x86_64 0.0.2 2.83 27.31 30.14 OK
r-patched-solaris-x86 0.0.2 56.90 OK
r-release-linux-x86_64 0.0.2 2.81 27.02 29.83 OK
r-release-macos-x86_64 0.0.2 OK
r-release-windows-ix86+x86_64 0.0.2 14.00 44.00 58.00 OK
r-oldrel-macos-x86_64 0.0.2 OK
r-oldrel-windows-ix86+x86_64 0.0.2 4.00 45.00 49.00 OK

Check Details

Version: 0.0.2
Check: LazyData
Result: NOTE
     'LazyData' is specified without a 'data' directory
Flavors: r-devel-linux-x86_64-debian-clang, r-devel-linux-x86_64-debian-gcc, r-devel-linux-x86_64-fedora-clang, r-devel-linux-x86_64-fedora-gcc, r-devel-windows-ix86+x86_64, r-devel-windows-x86_64-gcc10-UCRT