Last updated on 2023-09-21 09:57:46 CEST.
Flavor | Version | Tinstall | Tcheck | Ttotal | Status | Flags |
---|---|---|---|---|---|---|
r-devel-linux-x86_64-debian-clang | 2.0.0 | 35.16 | 29.39 | 64.55 | NOTE | |
r-devel-linux-x86_64-debian-gcc | 2.0.0 | 25.86 | 22.86 | 48.72 | NOTE | |
r-devel-linux-x86_64-fedora-clang | 2.0.0 | 94.75 | NOTE | |||
r-devel-linux-x86_64-fedora-gcc | 2.0.0 | 90.91 | NOTE | |||
r-devel-windows-x86_64 | 2.0.0 | 29.00 | 63.00 | 92.00 | NOTE | |
r-patched-linux-x86_64 | 2.0.0 | 29.89 | 29.02 | 58.91 | NOTE | |
r-release-linux-x86_64 | 2.0.0 | 36.48 | 29.10 | 65.58 | NOTE | |
r-release-macos-arm64 | 2.0.0 | 30.00 | NOTE | |||
r-release-macos-x86_64 | 2.0.0 | 42.00 | NOTE | |||
r-release-windows-x86_64 | 2.0.0 | 36.00 | 66.00 | 102.00 | NOTE | |
r-oldrel-macos-arm64 | 2.0.0 | 31.00 | OK | |||
r-oldrel-macos-x86_64 | 2.0.0 | 36.00 | OK | |||
r-oldrel-windows-x86_64 | 2.0.0 | 35.00 | 72.00 | 107.00 | OK |
Version: 2.0.0
Check: C++ specification
Result: NOTE
Specified C++11: please drop specification unless essential
Flavors: r-devel-linux-x86_64-debian-clang, r-devel-linux-x86_64-debian-gcc, r-devel-linux-x86_64-fedora-clang, r-devel-linux-x86_64-fedora-gcc, r-devel-windows-x86_64, r-patched-linux-x86_64, r-release-linux-x86_64, r-release-macos-arm64, r-release-macos-x86_64, r-release-windows-x86_64