CRAN Package Check Results for Package discreteMTP

Last updated on 2022-01-26 04:52:35 CET.

Flavor Version Tinstall Tcheck Ttotal Status Flags
r-devel-linux-x86_64-debian-clang 0.1-2 1.65 33.60 35.25 NOTE
r-devel-linux-x86_64-debian-gcc 0.1-2 1.43 26.65 28.08 NOTE
r-devel-linux-x86_64-fedora-clang 0.1-2 44.71 NOTE
r-devel-linux-x86_64-fedora-gcc 0.1-2 33.58 NOTE
r-devel-windows-x86_64-new-UL 0.1-2 19.00 54.00 73.00 NOTE
r-devel-windows-x86_64-new-TK 0.1-2 NOTE
r-patched-linux-x86_64 0.1-2 1.98 32.50 34.48 NOTE
r-release-linux-x86_64 0.1-2 1.44 32.42 33.86 NOTE
r-release-macos-arm64 0.1-2 NOTE
r-release-macos-x86_64 0.1-2 NOTE
r-release-windows-ix86+x86_64 0.1-2 5.00 30.00 35.00 NOTE
r-oldrel-macos-x86_64 0.1-2 NOTE
r-oldrel-windows-ix86+x86_64 0.1-2 3.00 28.00 31.00 NOTE

Check Details

Version: 0.1-2
Check: R code for possible problems
Result: NOTE
    p.discrete.adjust : <anonymous>: no visible global function definition
     for 'stepfun'
    Undefined global functions or variables:
     stepfun
    Consider adding
     importFrom("stats", "stepfun")
    to your NAMESPACE file.
Flavors: r-devel-linux-x86_64-debian-clang, r-devel-linux-x86_64-debian-gcc, r-devel-linux-x86_64-fedora-clang, r-devel-linux-x86_64-fedora-gcc, r-devel-windows-x86_64-new-UL, r-devel-windows-x86_64-new-TK, r-patched-linux-x86_64, r-release-linux-x86_64, r-release-macos-arm64, r-release-macos-x86_64, r-release-windows-ix86+x86_64, r-oldrel-macos-x86_64, r-oldrel-windows-ix86+x86_64