Last updated on 2022-05-26 07:53:19 CEST.
Flavor | Version | Tinstall | Tcheck | Ttotal | Status | Flags |
---|---|---|---|---|---|---|
r-devel-linux-x86_64-debian-clang | 1.0-1 | 3.01 | 42.84 | 45.85 | NOTE | |
r-devel-linux-x86_64-debian-gcc | 1.0-1 | 2.39 | 34.95 | 37.34 | NOTE | |
r-devel-linux-x86_64-fedora-clang | 1.0-1 | 53.76 | NOTE | |||
r-devel-linux-x86_64-fedora-gcc | 1.0-1 | 52.87 | NOTE | |||
r-devel-windows-x86_64 | 1.0-1 | 35.00 | 53.00 | 88.00 | NOTE | |
r-patched-linux-x86_64 | 1.0-1 | 2.34 | 40.18 | 42.52 | NOTE | |
r-release-linux-x86_64 | 1.0-1 | NOTE | ||||
r-release-macos-arm64 | 1.0-1 | 17.00 | NOTE | |||
r-release-macos-x86_64 | 1.0-1 | 25.00 | NOTE | |||
r-release-windows-x86_64 | 1.0-1 | 9.00 | 52.00 | 61.00 | NOTE | |
r-oldrel-macos-arm64 | 1.0-1 | 22.00 | NOTE | |||
r-oldrel-macos-x86_64 | 1.0-1 | 32.00 | NOTE | |||
r-oldrel-windows-ix86+x86_64 | 1.0-1 | 6.00 | 35.00 | 41.00 | NOTE |
Version: 1.0-1
Check: DESCRIPTION meta-information
Result: NOTE
Malformed Title field: should not end in a period.
Flavors: r-devel-linux-x86_64-debian-clang, r-devel-linux-x86_64-debian-gcc, r-devel-linux-x86_64-fedora-clang, r-devel-linux-x86_64-fedora-gcc, r-devel-windows-x86_64, r-patched-linux-x86_64, r-release-linux-x86_64, r-release-macos-arm64, r-release-macos-x86_64, r-release-windows-x86_64, r-oldrel-macos-arm64, r-oldrel-macos-x86_64, r-oldrel-windows-ix86+x86_64
Version: 1.0-1
Check: R code for possible problems
Result: NOTE
value: no visible global function definition for 'qchisq'
Undefined global functions or variables:
qchisq
Consider adding
importFrom("stats", "qchisq")
to your NAMESPACE file.
Flavors: r-devel-linux-x86_64-debian-clang, r-devel-linux-x86_64-debian-gcc, r-devel-linux-x86_64-fedora-clang, r-devel-linux-x86_64-fedora-gcc, r-devel-windows-x86_64, r-patched-linux-x86_64, r-release-linux-x86_64, r-release-macos-arm64, r-release-macos-x86_64, r-release-windows-x86_64, r-oldrel-macos-arm64, r-oldrel-macos-x86_64, r-oldrel-windows-ix86+x86_64