CRAN Package Check Results for Package dispRity

Last updated on 2022-01-24 21:51:07 CET.

Flavor Version Tinstall Tcheck Ttotal Status Flags
r-devel-linux-x86_64-debian-clang 1.6.0 22.81 203.88 226.69 OK
r-devel-linux-x86_64-debian-gcc 1.6.0 18.38 151.28 169.66 OK
r-devel-linux-x86_64-fedora-clang 1.6.8 283.76 NOTE
r-devel-linux-x86_64-fedora-gcc 1.6.8 271.09 OK
r-devel-windows-x86_64-new-UL 1.6.0 204.00 230.00 434.00 OK
r-devel-windows-x86_64-new-TK 1.6.0 ERROR
r-patched-linux-x86_64 1.6.0 26.60 194.24 220.84 OK
r-release-linux-x86_64 1.6.0 21.29 194.12 215.41 OK
r-release-macos-arm64 1.6.0 OK
r-release-macos-x86_64 1.6.0 OK
r-release-windows-ix86+x86_64 1.6.0 46.00 318.00 364.00 OK
r-oldrel-macos-x86_64 1.6.0 OK
r-oldrel-windows-ix86+x86_64 1.6.0 46.00 319.00 365.00 OK

Check Details

Version: 1.6.8
Check: Rd cross-references
Result: NOTE
    Undeclared packages ‘hypervolume’, ‘geomorph’ in Rd xrefs
Flavor: r-devel-linux-x86_64-fedora-clang

Version: 1.6.0
Check: examples
Result: ERROR
    Running examples in 'dispRity-Ex.R' failed
    The error most likely occurred in:
    
    > ### Name: dispRity.per.group
    > ### Title: Disparity in different groups.
    > ### Aliases: dispRity.per.group
    >
    > ### ** Examples
    >
    > ## Load the Beck & Lee 2014 data
    > data(BeckLee_mat50)
    >
    > ## Run a simple disparity per group analysis comparing stem and crown mammals
    > result <- dispRity.per.group(BeckLee_mat50, list(crown = c(16, 19:41, 45:50),
    + stem = c(1:15, 17:18, 42:44)))
    > summary(result) ; plot(result)
     subsets n obs bs.median 2.5% 25% 75% 97.5%
    1 crown 30 1.554 1.541 1.504 1.528 1.549 1.567
    2 stem 20 1.457 1.427 1.370 1.407 1.438 1.455
    Error in is(data, c("matrix", "array")) :
     length(class2) == 1L is not TRUE
    Calls: plot -> plot.dispRity -> is -> stopifnot
    Execution halted
Flavor: r-devel-windows-x86_64-new-TK