CRAN Package Check Results for Package distillery

Last updated on 2022-06-27 16:51:53 CEST.

Flavor Version Tinstall Tcheck Ttotal Status Flags
r-devel-linux-x86_64-debian-clang 1.2-1 3.91 36.05 39.96 NOTE
r-devel-linux-x86_64-debian-gcc 1.2-1 2.73 27.37 30.10 NOTE
r-devel-linux-x86_64-fedora-clang 1.2-1 57.70 NOTE
r-devel-linux-x86_64-fedora-gcc 1.2-1 57.87 NOTE
r-devel-windows-x86_64 1.2-1 19.00 54.00 73.00 NOTE
r-patched-linux-x86_64 1.2-1 3.89 35.16 39.05 OK
r-release-linux-x86_64 1.2-1 2.36 34.75 37.11 OK
r-release-macos-arm64 1.2-1 18.00 OK
r-release-macos-x86_64 1.2-1 25.00 OK
r-release-windows-x86_64 1.2-1 8.00 55.00 63.00 OK
r-oldrel-macos-arm64 1.2-1 23.00 OK
r-oldrel-macos-x86_64 1.2-1 33.00 OK
r-oldrel-windows-ix86+x86_64 1.2-1 8.00 36.00 44.00 OK

Check Details

Version: 1.2-1
Check: Rd files
Result: NOTE
    checkRd: (-1) booter.Rd:68: Escaped LaTeX specials: \&
    checkRd: (-1) ci.booted.Rd:53: Escaped LaTeX specials: \&
    checkRd: (-1) pbooter.Rd:57: Escaped LaTeX specials: \&
Flavors: r-devel-linux-x86_64-debian-clang, r-devel-linux-x86_64-debian-gcc, r-devel-linux-x86_64-fedora-clang, r-devel-linux-x86_64-fedora-gcc, r-devel-windows-x86_64