CRAN Package Check Results for Package disto

Last updated on 2022-12-02 19:49:37 CET.

Flavor Version Tinstall Tcheck Ttotal Status Flags
r-devel-linux-x86_64-debian-clang 0.2.0 2.26 43.01 45.27 NOTE
r-devel-linux-x86_64-debian-gcc 0.2.0 2.51 32.97 35.48 NOTE
r-devel-linux-x86_64-fedora-clang 0.2.0 67.85 NOTE
r-devel-linux-x86_64-fedora-gcc 0.2.0 65.52 NOTE
r-devel-windows-x86_64 0.2.0 16.00 84.00 100.00 NOTE
r-patched-linux-x86_64 0.2.0 3.04 40.25 43.29 OK
r-release-linux-x86_64 0.2.0 3.04 40.78 43.82 OK
r-release-macos-arm64 0.2.0 23.00 NOTE
r-release-macos-x86_64 0.2.0 36.00 NOTE
r-release-windows-x86_64 0.2.0 17.00 86.00 103.00 OK
r-oldrel-macos-arm64 0.2.0 30.00 NOTE
r-oldrel-macos-x86_64 0.2.0 37.00 NOTE
r-oldrel-windows-ix86+x86_64 0.2.0 11.00 75.00 86.00 OK

Check Details

Version: 0.2.0
Check: package subdirectories
Result: NOTE
    Problems with news in 'NEWS.md':
    No news entries found.
Flavors: r-devel-linux-x86_64-debian-clang, r-devel-linux-x86_64-debian-gcc, r-devel-linux-x86_64-fedora-clang, r-devel-linux-x86_64-fedora-gcc, r-devel-windows-x86_64

Version: 0.2.0
Check: dependencies in R code
Result: NOTE
    Namespaces in Imports field not imported from:
     ‘dplyr’ ‘proxy’
     All declared Imports should be used.
Flavors: r-devel-linux-x86_64-fedora-clang, r-devel-linux-x86_64-fedora-gcc, r-release-macos-arm64, r-release-macos-x86_64, r-oldrel-macos-arm64, r-oldrel-macos-x86_64