Last updated on 2022-06-26 12:54:45 CEST.
Flavor | Version | Tinstall | Tcheck | Ttotal | Status | Flags |
---|---|---|---|---|---|---|
r-devel-linux-x86_64-debian-clang | 1.9.90 | 152.26 | 201.80 | 354.06 | NOTE | |
r-devel-linux-x86_64-debian-gcc | 1.9.90 | 121.88 | 151.38 | 273.26 | NOTE | |
r-devel-linux-x86_64-fedora-clang | 1.9.90 | 557.47 | WARN | |||
r-devel-linux-x86_64-fedora-gcc | 1.9.90 | 474.33 | WARN | |||
r-devel-windows-x86_64 | 1.9.90 | 169.00 | 250.00 | 419.00 | NOTE | |
r-patched-linux-x86_64 | 1.9.90 | 116.45 | 192.27 | 308.72 | NOTE | |
r-release-linux-x86_64 | 1.9.90 | 102.74 | 189.28 | 292.02 | NOTE | |
r-release-macos-arm64 | 1.9.90 | 117.00 | NOTE | |||
r-release-macos-x86_64 | 1.9.90 | 184.00 | NOTE | |||
r-release-windows-x86_64 | 1.9.90 | 161.00 | 252.00 | 413.00 | NOTE | |
r-oldrel-macos-arm64 | 1.9.90 | 130.00 | NOTE | |||
r-oldrel-macos-x86_64 | 1.9.90 | 241.00 | NOTE | |||
r-oldrel-windows-ix86+x86_64 | 1.9.90 | 376.00 | 271.00 | 647.00 | OK |
Version: 1.9.90
Check: package dependencies
Result: NOTE
Packages suggested but not available for checking: 'sendplot', 'HWxtest'
Flavors: r-devel-linux-x86_64-debian-clang, r-devel-linux-x86_64-debian-gcc, r-devel-windows-x86_64, r-patched-linux-x86_64, r-release-linux-x86_64, r-release-macos-arm64, r-release-windows-x86_64, r-oldrel-macos-arm64, r-oldrel-macos-x86_64
Version: 1.9.90
Check: Rd files
Result: NOTE
checkRd: (-1) fastDivPart.Rd:13: Escaped LaTeX specials: \_
checkRd: (-1) inCalc.Rd:26: Escaped LaTeX specials: \_
checkRd: (-1) inCalc.Rd:13: Escaped LaTeX specials: \_
Flavors: r-devel-linux-x86_64-debian-clang, r-devel-linux-x86_64-debian-gcc, r-devel-linux-x86_64-fedora-clang, r-devel-linux-x86_64-fedora-gcc, r-devel-windows-x86_64
Version: 1.9.90
Check: package dependencies
Result: WARN
Packages suggested but not available for checking: 'sendplot', 'HWxtest'
Requires (indirectly) orphaned package: ‘gtools’
Flavors: r-devel-linux-x86_64-fedora-clang, r-devel-linux-x86_64-fedora-gcc
Version: 1.9.90
Check: installed package size
Result: NOTE
installed size is 5.2Mb
sub-directories of 1Mb or more:
libs 3.8Mb
Flavors: r-release-macos-arm64, r-oldrel-macos-arm64
Version: 1.9.90
Check: package dependencies
Result: NOTE
Packages suggested but not available for checking:
'xlsx', 'sendplot', 'HWxtest'
Flavor: r-release-macos-x86_64