CRAN Package Check Results for Package dkanr

Last updated on 2023-06-06 06:53:42 CEST.

Flavor Version Tinstall Tcheck Ttotal Status Flags
r-devel-linux-x86_64-debian-clang 0.1.3 3.37 84.29 87.66 NOTE
r-devel-linux-x86_64-debian-gcc 0.1.3 3.48 62.40 65.88 NOTE
r-devel-linux-x86_64-fedora-clang 0.1.3 106.83 NOTE
r-devel-linux-x86_64-fedora-gcc 0.1.3 111.40 NOTE
r-devel-windows-x86_64 0.1.3 6.00 92.00 98.00 NOTE
r-patched-linux-x86_64 0.1.3 4.43 79.05 83.48 NOTE
r-release-linux-x86_64 0.1.3 4.17 78.26 82.43 NOTE
r-release-macos-arm64 0.1.3 42.00 NOTE
r-release-macos-x86_64 0.1.3 69.00 NOTE
r-release-windows-x86_64 0.1.3 5.00 106.00 111.00 NOTE
r-oldrel-macos-arm64 0.1.3 35.00 NOTE
r-oldrel-macos-x86_64 0.1.3 59.00 NOTE
r-oldrel-windows-x86_64 0.1.3 5.00 106.00 111.00 NOTE

Check Details

Version: 0.1.3
Check: LazyData
Result: NOTE
     'LazyData' is specified without a 'data' directory
Flavors: r-devel-linux-x86_64-debian-clang, r-devel-linux-x86_64-debian-gcc, r-devel-linux-x86_64-fedora-clang, r-devel-linux-x86_64-fedora-gcc, r-devel-windows-x86_64, r-patched-linux-x86_64, r-release-linux-x86_64, r-release-macos-arm64, r-release-macos-x86_64, r-release-windows-x86_64, r-oldrel-macos-arm64, r-oldrel-macos-x86_64, r-oldrel-windows-x86_64