CRAN Package Check Results for Package dmtools

Last updated on 2022-01-27 13:49:46 CET.

Flavor Version Tinstall Tcheck Ttotal Status Flags
r-devel-linux-x86_64-debian-clang 0.2.6 4.19 57.59 61.78 NOTE
r-devel-linux-x86_64-debian-gcc 0.2.6 3.36 43.94 47.30 NOTE
r-devel-linux-x86_64-fedora-clang 0.2.6 73.43 NOTE
r-devel-linux-x86_64-fedora-gcc 0.2.6 63.30 NOTE
r-devel-windows-x86_64-new-UL 0.2.6 43.00 99.00 142.00 NOTE
r-devel-windows-x86_64-new-TK 0.2.6 NOTE
r-patched-linux-x86_64 0.2.6 4.04 55.53 59.57 NOTE
r-release-linux-x86_64 0.2.6 4.07 55.86 59.93 NOTE
r-release-macos-arm64 0.2.6 NOTE
r-release-macos-x86_64 0.2.6 NOTE
r-release-windows-ix86+x86_64 0.2.6 9.00 70.00 79.00 NOTE
r-oldrel-macos-x86_64 0.2.6 OK
r-oldrel-windows-ix86+x86_64 0.2.6 8.00 70.00 78.00 OK

Check Details

Version: 0.2.6
Check: LazyData
Result: NOTE
     'LazyData' is specified without a 'data' directory
Flavors: r-devel-linux-x86_64-debian-clang, r-devel-linux-x86_64-debian-gcc, r-devel-linux-x86_64-fedora-clang, r-devel-linux-x86_64-fedora-gcc, r-devel-windows-x86_64-new-UL, r-devel-windows-x86_64-new-TK, r-patched-linux-x86_64, r-release-linux-x86_64, r-release-macos-arm64, r-release-macos-x86_64, r-release-windows-ix86+x86_64